{"id":2254,"date":"2025-02-05T11:55:26","date_gmt":"2025-02-05T08:55:26","guid":{"rendered":"https:\/\/tgrupcam.com\/index.php\/butasi\/"},"modified":"2025-06-04T12:16:42","modified_gmt":"2025-06-04T09:16:42","slug":"butasi","status":"publish","type":"page","link":"https:\/\/tgrupcam.com\/index.php\/oferta-de-piata\/sticla-speciala\/butasi\/?lang=ro","title":{"rendered":"Buta\u0219i"},"content":{"rendered":"\t\t<div data-elementor-type=\"wp-page\" data-elementor-id=\"2254\" class=\"elementor elementor-2254 elementor-53\" data-elementor-post-type=\"page\">\n\t\t\t\t<div class=\"elementor-element elementor-element-3bde9665 e-con-full e-flex e-con e-parent\" data-id=\"3bde9665\" data-element_type=\"container\" data-e-type=\"container\" data-settings=\"{&quot;background_background&quot;:&quot;classic&quot;,&quot;shape_divider_bottom&quot;:&quot;opacity-fan&quot;}\">\n\t\t\t\t<div class=\"elementor-shape elementor-shape-bottom\" aria-hidden=\"true\" data-negative=\"false\">\n\t\t\t<svg xmlns=\"http:\/\/www.w3.org\/2000\/svg\" viewBox=\"0 0 283.5 19.6\" preserveAspectRatio=\"none\">\n\t<path class=\"elementor-shape-fill\" style=\"opacity:0.33\" d=\"M0 0L0 18.8 141.8 4.1 283.5 18.8 283.5 0z\"\/>\n\t<path class=\"elementor-shape-fill\" style=\"opacity:0.33\" d=\"M0 0L0 12.6 141.8 4 283.5 12.6 283.5 0z\"\/>\n\t<path class=\"elementor-shape-fill\" style=\"opacity:0.33\" d=\"M0 0L0 6.4 141.8 4 283.5 6.4 283.5 0z\"\/>\n\t<path class=\"elementor-shape-fill\" d=\"M0 0L0 1.2 141.8 4 283.5 1.2 283.5 0z\"\/>\n<\/svg>\t\t<\/div>\n\t\t\t\t<div class=\"elementor-element elementor-element-7b4b6aa7 elementor-widget elementor-widget-heading\" data-id=\"7b4b6aa7\" data-element_type=\"widget\" data-e-type=\"widget\" data-widget_type=\"heading.default\">\n\t\t\t\t<div class=\"elementor-widget-container\">\n\t\t\t\t\t<h2 class=\"elementor-heading-title elementor-size-default\">CUTTINGS<\/h2>\t\t\t\t<\/div>\n\t\t\t\t<\/div>\n\t\t\t\t<\/div>\n\t\t<div class=\"elementor-element elementor-element-25968464 e-flex e-con-boxed e-con e-parent\" data-id=\"25968464\" data-element_type=\"container\" data-e-type=\"container\">\n\t\t\t\t\t<div class=\"e-con-inner\">\n\t\t\t\t<div class=\"elementor-element elementor-element-65699c0f elementor-widget elementor-widget-heading\" data-id=\"65699c0f\" data-element_type=\"widget\" data-e-type=\"widget\" data-widget_type=\"heading.default\">\n\t\t\t\t<div class=\"elementor-widget-container\">\n\t\t\t\t\t<h2 class=\"elementor-heading-title elementor-size-default\">DESPRE CUTTINGS<\/h2>\t\t\t\t<\/div>\n\t\t\t\t<\/div>\n\t\t\t\t<div class=\"elementor-element elementor-element-79652f71 elementor-widget elementor-widget-text-editor\" data-id=\"79652f71\" data-element_type=\"widget\" data-e-type=\"widget\" data-widget_type=\"text-editor.default\">\n\t\t\t\t<div class=\"elementor-widget-container\">\n\t\t\t\t\t\t\t\t\t<p>La <strong>T Grup Cam<\/strong>, oferim <strong>servicii de t\u0103iere de precizie a sticlei<\/strong>, adaptate pentru a satisface <strong>aplica\u021bii arhitecturale, industriale \u0219i decorative<\/strong>. Tehnologia noastr\u0103 de ultim\u0103 genera\u021bie asigur\u0103 o <strong>precizie ridicat\u0103, margini curate \u0219i forme personalizate<\/strong>, permi\u021b\u00e2nd <strong>integrarea perfect\u0103<\/strong> \u00een diverse proiecte. <\/p>\n<p><strong>Caracteristici \u0219i beneficii:<\/strong><\/p>\n<p>\u2705 <strong>T\u0103iere de precizie<\/strong> &#8211; Ma\u0219inile avansate asigur\u0103 <strong>t\u0103ieri netede, curate \u0219i precise<\/strong>.<br \/>\u2705 <strong>Forme \u0219i dimensiuni personalizate<\/strong> &#8211; Sticla poate fi t\u0103iat\u0103 \u00een <strong>dimensiuni specifice \u0219i modele unice<\/strong>.<br \/>\u2705 <strong>Aplica\u021bii versatile<\/strong> &#8211; Potrivit pentru <strong>ferestre, u\u0219i, fa\u021bade, mobilier \u0219i proiecte industriale<\/strong>.<br \/>\u2705 <strong>Compatibilitate cu alte procese<\/strong> &#8211; Poate fi combinat\u0103 cu <strong>\u00eent\u0103rirea, laminarea \u0219i imprimarea digital\u0103<\/strong>.<br \/>\u2705 Procesare <strong>rapid\u0103<\/strong> &#8211; Procesare eficient\u0103 pentru <strong>livr\u0103ri rapide \u0219i fiabile<\/strong>.<\/p>\n<p>Serviciile noastre de t\u0103iere accept\u0103 o gam\u0103 larg\u0103 de <strong>tipuri de sticl\u0103<\/strong>, inclusiv <strong>sticl\u0103 dur\u0103, laminat\u0103, decorativ\u0103 \u0219i rezistent\u0103 la foc<\/strong>, asigur\u00e2nd <strong>flexibilitate maxim\u0103 \u0219i rezultate de \u00eenalt\u0103 calitate<\/strong>.<\/p>\n\t\t\t\t\t\t\t\t<\/div>\n\t\t\t\t<\/div>\n\t\t\t\t\t<\/div>\n\t\t\t\t<\/div>\n\t\t<div class=\"elementor-element elementor-element-1030cb63 e-flex e-con-boxed e-con e-parent\" data-id=\"1030cb63\" data-element_type=\"container\" data-e-type=\"container\" data-settings=\"{&quot;background_background&quot;:&quot;classic&quot;,&quot;background_motion_fx_motion_fx_scrolling&quot;:&quot;yes&quot;,&quot;background_motion_fx_translateY_effect&quot;:&quot;yes&quot;,&quot;background_motion_fx_translateY_speed&quot;:{&quot;unit&quot;:&quot;px&quot;,&quot;size&quot;:4,&quot;sizes&quot;:[]},&quot;background_motion_fx_translateY_affectedRange&quot;:{&quot;unit&quot;:&quot;%&quot;,&quot;size&quot;:&quot;&quot;,&quot;sizes&quot;:{&quot;start&quot;:0,&quot;end&quot;:100}},&quot;background_motion_fx_devices&quot;:[&quot;desktop&quot;,&quot;tablet&quot;,&quot;mobile&quot;]}\">\n\t\t\t\t\t<div class=\"e-con-inner\">\n\t\t\t\t\t<\/div>\n\t\t\t\t<\/div>\n\t\t<div class=\"elementor-element elementor-element-1bea35dc e-flex e-con-boxed e-con e-parent\" data-id=\"1bea35dc\" data-element_type=\"container\" data-e-type=\"container\">\n\t\t\t\t\t<div class=\"e-con-inner\">\n\t\t<div class=\"elementor-element elementor-element-3d8dc55 e-con-full e-flex e-con e-child\" data-id=\"3d8dc55\" data-element_type=\"container\" data-e-type=\"container\">\n\t\t\t\t<div class=\"elementor-element elementor-element-27623acb elementor-widget elementor-widget-heading\" data-id=\"27623acb\" data-element_type=\"widget\" data-e-type=\"widget\" data-widget_type=\"heading.default\">\n\t\t\t\t<div class=\"elementor-widget-container\">\n\t\t\t\t\t<h2 class=\"elementor-heading-title elementor-size-default\">Cerin\u021be suplimentare pentru comenzi<\/h2>\t\t\t\t<\/div>\n\t\t\t\t<\/div>\n\t\t\t\t<div class=\"elementor-element elementor-element-5059d841 elementor-widget elementor-widget-text-editor\" data-id=\"5059d841\" data-element_type=\"widget\" data-e-type=\"widget\" data-widget_type=\"text-editor.default\">\n\t\t\t\t<div class=\"elementor-widget-container\">\n\t\t\t\t\t\t\t\t\t<p>La <strong>T Grup Cam<\/strong>, asigur\u0103m o <strong>precizie \u0219i o calitate ridicate<\/strong> pentru toate <strong>unit\u0103\u021bile<\/strong> noastre <strong>vitrate \u0219i sticl\u0103 securizat\u0103 cu t\u0103ieturi<\/strong>. Pentru a garanta <strong>performan\u021be optime \u0219i durabilitate<\/strong>, trebuie \u00eendeplinite urm\u0103toarele cerin\u021be \u00eenainte de prelucrare: <\/p>\n<p>\ud83d\udd39 <strong>M\u0103cinarea \u00eenainte de c\u0103lire<\/strong> &#8211; Orice sticl\u0103 care necesit\u0103 <strong>t\u0103ieturi sau prelucr\u0103ri speciale<\/strong> trebuie s\u0103 treac\u0103 mai \u00eent\u00e2i prin <strong>m\u0103cinare<\/strong> \u00eenainte de a intra \u00een <strong>procesul de c\u0103lire<\/strong>.<\/p>\n<p>\ud83d\udd39 <strong>Specifica\u021bii detaliate ale comenzii<\/strong> &#8211; Toate <strong>g\u0103urile, decupajele \u0219i modific\u0103rile personalizate<\/strong> trebuie <strong>specificate clar<\/strong> \u00een comand\u0103. Clien\u021bii trebuie s\u0103 furnizeze <strong>desene \u0219i tabele tehnice detaliate<\/strong> care s\u0103 con\u021bin\u0103 <strong>toate m\u0103sur\u0103torile \u0219i specifica\u021biile necesare<\/strong>. <\/p>\n<p>Urm\u00e2nd aceste linii directoare, ne asigur\u0103m c\u0103 fiecare comand\u0103 \u00eendepline\u0219te <strong>cele mai \u00eenalte standarde industriale<\/strong>, oferind \u00een acela\u0219i timp <strong>precizie, durabilitate \u0219i fiabilitate<\/strong> pentru proiectele dumneavoastr\u0103.<\/p>\n\t\t\t\t\t\t\t\t<\/div>\n\t\t\t\t<\/div>\n\t\t\t\t<\/div>\n\t\t\t\t\t<\/div>\n\t\t\t\t<\/div>\n\t\t<div class=\"elementor-element elementor-element-70cc5843 e-flex e-con-boxed e-con e-parent\" data-id=\"70cc5843\" data-element_type=\"container\" data-e-type=\"container\" data-settings=\"{&quot;background_background&quot;:&quot;classic&quot;}\">\n\t\t\t\t\t<div class=\"e-con-inner\">\n\t\t\t\t<div class=\"elementor-element elementor-element-35ba16a5 elementor-widget elementor-widget-heading\" data-id=\"35ba16a5\" data-element_type=\"widget\" data-e-type=\"widget\" data-widget_type=\"heading.default\">\n\t\t\t\t<div class=\"elementor-widget-container\">\n\t\t\t\t\t<h2 class=\"elementor-heading-title elementor-size-default\">SO SHAJ TE OFERAS<\/h2>\t\t\t\t<\/div>\n\t\t\t\t<\/div>\n\t\t\t\t<div class=\"elementor-element elementor-element-494b7153 elementor-widget elementor-widget-text-editor\" data-id=\"494b7153\" data-element_type=\"widget\" data-e-type=\"widget\" data-widget_type=\"text-editor.default\">\n\t\t\t\t<div class=\"elementor-widget-container\">\n\t\t\t\t\t\t\t\t\t<mesa><br><tbody>\r\n<tr>\r\n<td><strong>Tipo e ma\u015bin\u00e0qo<\/strong><\/td>\r\n<td><strong>Minimalno dimenzije e panelesqe [mm]<\/strong><\/td>\r\n<td><strong>Maximalno dimenzije e panelosqe\r\n[mm]<\/strong><\/td>\r\n<td><strong>O \u015bukaripen e staklosqo\r\n[mm]<\/strong><\/td>\r\n<\/tr>\r\n<tr>\r\n<td>Sa e forme kotora<\/td>\r\n<td>150 x 300<\/td>\r\n<td>3210 x 8000<\/td>\r\n<td>3-19<\/td>\r\n\r\n<\/tr>\r\n<\/tbody><br><\/table>\t\t\t\t\t\t\t\t<\/div>\n\t\t\t\t<\/div>\n\t\t\t\t\t<\/div>\n\t\t\t\t<\/div>\n\t\t<div class=\"elementor-element elementor-element-634c3415 e-flex e-con-boxed e-con e-parent\" data-id=\"634c3415\" data-element_type=\"container\" data-e-type=\"container\" data-settings=\"{&quot;background_background&quot;:&quot;classic&quot;,&quot;background_motion_fx_motion_fx_scrolling&quot;:&quot;yes&quot;,&quot;background_motion_fx_translateY_effect&quot;:&quot;yes&quot;,&quot;background_motion_fx_translateY_speed&quot;:{&quot;unit&quot;:&quot;px&quot;,&quot;size&quot;:4,&quot;sizes&quot;:[]},&quot;background_motion_fx_translateY_affectedRange&quot;:{&quot;unit&quot;:&quot;%&quot;,&quot;size&quot;:&quot;&quot;,&quot;sizes&quot;:{&quot;start&quot;:0,&quot;end&quot;:100}},&quot;background_motion_fx_devices&quot;:[&quot;desktop&quot;,&quot;tablet&quot;,&quot;mobile&quot;]}\">\n\t\t\t\t\t<div class=\"e-con-inner\">\n\t\t\t\t<div class=\"elementor-element elementor-element-304022 elementor-widget elementor-widget-heading\" data-id=\"304022\" data-element_type=\"widget\" data-e-type=\"widget\" data-widget_type=\"heading.default\">\n\t\t\t\t<div class=\"elementor-widget-container\">\n\t\t\t\t\t<h2 class=\"elementor-heading-title elementor-size-default\">Ne modific\u0103m constant procesele de produc\u021bie \u0219i ne schimb\u0103m obiceiurile pentru a limita efectul negativ asupra mediului.<\/h2>\t\t\t\t<\/div>\n\t\t\t\t<\/div>\n\t\t\t\t<div class=\"elementor-element elementor-element-20bcb72 elementor-widget elementor-widget-text-editor\" data-id=\"20bcb72\" data-element_type=\"widget\" data-e-type=\"widget\" data-widget_type=\"text-editor.default\">\n\t\t\t\t<div class=\"elementor-widget-container\">\n\t\t\t\t\t\t\t\t\t<p>Pentru a facilita schimb\u0103rile, am adoptat ISO 14001, sistemul mondial de management pentru protec\u021bia mediului.<\/p>\n\t\t\t\t\t\t\t\t<\/div>\n\t\t\t\t<\/div>\n\t\t\t\t<div class=\"elementor-element elementor-element-6bc09d3d elementor-align-center elementor-widget elementor-widget-button\" data-id=\"6bc09d3d\" data-element_type=\"widget\" data-e-type=\"widget\" data-widget_type=\"button.default\">\n\t\t\t\t<div class=\"elementor-widget-container\">\n\t\t\t\t\t\t\t\t\t<div class=\"elementor-button-wrapper\">\n\t\t\t\t\t<a class=\"elementor-button elementor-button-link elementor-size-sm\" href=\"https:\/\/tgrupcam.com\/index.php\/kontakto\/?lang=ro\">\n\t\t\t\t\t\t<span class=\"elementor-button-content-wrapper\">\n\t\t\t\t\t\t\t\t\t<span class=\"elementor-button-text\">Contacta\u021bi-ne<\/span>\n\t\t\t\t\t<\/span>\n\t\t\t\t\t<\/a>\n\t\t\t\t<\/div>\n\t\t\t\t\t\t\t\t<\/div>\n\t\t\t\t<\/div>\n\t\t\t\t\t<\/div>\n\t\t\t\t<\/div>\n\t\t\t\t<\/div>\n\t\t","protected":false},"excerpt":{"rendered":"<p>CUTTINGS DESPRE CUTTINGS La T Grup Cam, oferim servicii de t\u0103iere de precizie a sticlei, adaptate pentru a satisface aplica\u021bii arhitecturale, industriale \u0219i decorative. Tehnologia noastr\u0103 de ultim\u0103 genera\u021bie asigur\u0103 o precizie ridicat\u0103, margini curate \u0219i forme personalizate, permi\u021b\u00e2nd integrarea perfect\u0103 \u00een diverse proiecte. Caracteristici \u0219i beneficii: \u2705 T\u0103iere de precizie &#8211; Ma\u0219inile avansate asigur\u0103 [&hellip;]<\/p>\n","protected":false},"author":1,"featured_media":0,"parent":2505,"menu_order":0,"comment_status":"closed","ping_status":"closed","template":"elementor_header_footer","meta":{"footnotes":""},"class_list":["post-2254","page","type-page","status-publish","hentry"],"_links":{"self":[{"href":"https:\/\/tgrupcam.com\/index.php\/wp-json\/wp\/v2\/pages\/2254","targetHints":{"allow":["GET"]}}],"collection":[{"href":"https:\/\/tgrupcam.com\/index.php\/wp-json\/wp\/v2\/pages"}],"about":[{"href":"https:\/\/tgrupcam.com\/index.php\/wp-json\/wp\/v2\/types\/page"}],"author":[{"embeddable":true,"href":"https:\/\/tgrupcam.com\/index.php\/wp-json\/wp\/v2\/users\/1"}],"replies":[{"embeddable":true,"href":"https:\/\/tgrupcam.com\/index.php\/wp-json\/wp\/v2\/comments?post=2254"}],"version-history":[{"count":0,"href":"https:\/\/tgrupcam.com\/index.php\/wp-json\/wp\/v2\/pages\/2254\/revisions"}],"up":[{"embeddable":true,"href":"https:\/\/tgrupcam.com\/index.php\/wp-json\/wp\/v2\/pages\/2505"}],"wp:attachment":[{"href":"https:\/\/tgrupcam.com\/index.php\/wp-json\/wp\/v2\/media?parent=2254"}],"curies":[{"name":"wp","href":"https:\/\/api.w.org\/{rel}","templated":true}]}}