{"id":2290,"date":"2025-02-05T11:55:26","date_gmt":"2025-02-05T08:55:26","guid":{"rendered":"https:\/\/tgrupcam.com\/index.php\/boutures\/"},"modified":"2025-06-04T14:58:08","modified_gmt":"2025-06-04T11:58:08","slug":"boutures","status":"publish","type":"page","link":"https:\/\/tgrupcam.com\/index.php\/offre-de-marche\/verre-special\/boutures\/?lang=fr","title":{"rendered":"Boutures"},"content":{"rendered":"\t\t<div data-elementor-type=\"wp-page\" data-elementor-id=\"2290\" class=\"elementor elementor-2290 elementor-53\" data-elementor-post-type=\"page\">\n\t\t\t\t<div class=\"elementor-element elementor-element-3bde9665 e-con-full e-flex e-con e-parent\" data-id=\"3bde9665\" data-element_type=\"container\" data-e-type=\"container\" data-settings=\"{&quot;background_background&quot;:&quot;classic&quot;,&quot;shape_divider_bottom&quot;:&quot;opacity-fan&quot;}\">\n\t\t\t\t<div class=\"elementor-shape elementor-shape-bottom\" aria-hidden=\"true\" data-negative=\"false\">\n\t\t\t<svg xmlns=\"http:\/\/www.w3.org\/2000\/svg\" viewBox=\"0 0 283.5 19.6\" preserveAspectRatio=\"none\">\n\t<path class=\"elementor-shape-fill\" style=\"opacity:0.33\" d=\"M0 0L0 18.8 141.8 4.1 283.5 18.8 283.5 0z\"\/>\n\t<path class=\"elementor-shape-fill\" style=\"opacity:0.33\" d=\"M0 0L0 12.6 141.8 4 283.5 12.6 283.5 0z\"\/>\n\t<path class=\"elementor-shape-fill\" style=\"opacity:0.33\" d=\"M0 0L0 6.4 141.8 4 283.5 6.4 283.5 0z\"\/>\n\t<path class=\"elementor-shape-fill\" d=\"M0 0L0 1.2 141.8 4 283.5 1.2 283.5 0z\"\/>\n<\/svg>\t\t<\/div>\n\t\t\t\t<div class=\"elementor-element elementor-element-7b4b6aa7 elementor-widget elementor-widget-heading\" data-id=\"7b4b6aa7\" data-element_type=\"widget\" data-e-type=\"widget\" data-widget_type=\"heading.default\">\n\t\t\t\t<div class=\"elementor-widget-container\">\n\t\t\t\t\t<h2 class=\"elementor-heading-title elementor-size-default\">COUPURES<\/h2>\t\t\t\t<\/div>\n\t\t\t\t<\/div>\n\t\t\t\t<\/div>\n\t\t<div class=\"elementor-element elementor-element-25968464 e-flex e-con-boxed e-con e-parent\" data-id=\"25968464\" data-element_type=\"container\" data-e-type=\"container\">\n\t\t\t\t\t<div class=\"e-con-inner\">\n\t\t\t\t<div class=\"elementor-element elementor-element-65699c0f elementor-widget elementor-widget-heading\" data-id=\"65699c0f\" data-element_type=\"widget\" data-e-type=\"widget\" data-widget_type=\"heading.default\">\n\t\t\t\t<div class=\"elementor-widget-container\">\n\t\t\t\t\t<h2 class=\"elementor-heading-title elementor-size-default\">A PROPOS DE CUTTINGS<\/h2>\t\t\t\t<\/div>\n\t\t\t\t<\/div>\n\t\t\t\t<div class=\"elementor-element elementor-element-79652f71 elementor-widget elementor-widget-text-editor\" data-id=\"79652f71\" data-element_type=\"widget\" data-e-type=\"widget\" data-widget_type=\"text-editor.default\">\n\t\t\t\t<div class=\"elementor-widget-container\">\n\t\t\t\t\t\t\t\t\t<p>Chez <strong>T Grup Cam<\/strong>, nous fournissons des <strong>services de d\u00e9coupe de verre de pr\u00e9cision<\/strong> adapt\u00e9s aux <strong>applications architecturales, industrielles et d\u00e9coratives<\/strong>. Notre technologie de pointe garantit une <strong>grande pr\u00e9cision, des bords nets et des formes personnalis\u00e9es<\/strong>, ce qui permet une <strong>int\u00e9gration transparente<\/strong> dans divers projets. <\/p>\n<p><strong>Caract\u00e9ristiques et avantages :<\/strong><\/p>\n<p>\u2705 <strong>D\u00e9coupe de pr\u00e9cision<\/strong> &#8211; Des machines de pointe garantissent des <strong>d\u00e9coupes douces, nettes et pr\u00e9cises<\/strong>.<br \/>\u2705 <strong>Formes et tailles personnalis\u00e9es<\/strong> &#8211; Le verre peut \u00eatre d\u00e9coup\u00e9 dans des <strong>dimensions sp\u00e9cifiques et<\/strong> selon <strong>des conceptions uniques<\/strong>.<br \/>\u2705 <strong>Applications polyvalentes<\/strong> &#8211; Convient pour les <strong>fen\u00eatres, les portes, les fa\u00e7ades, le mobilier et les projets industriels<\/strong>.<br \/>\u2705 <strong>Compatibilit\u00e9 avec d&#8217;autres proc\u00e9d\u00e9s<\/strong> &#8211; Peut \u00eatre combin\u00e9 avec la <strong>trempe, le laminage et l&#8217;impression num\u00e9rique<\/strong>.<br \/>\u2705 <strong>D\u00e9lais d&#8217;ex\u00e9cution rapides<\/strong> &#8211; Traitement efficace pour des <strong>livraisons rapides et fiables<\/strong>.<\/p>\n<p>Nos services de d\u00e9coupe prennent en charge une large gamme de <strong>types de verre<\/strong>, y compris le <strong>verre tremp\u00e9, le verre feuillet\u00e9, le verre d\u00e9coratif et le verre r\u00e9sistant au feu<\/strong>, ce qui garantit une <strong>flexibilit\u00e9 maximale et des r\u00e9sultats de haute qualit\u00e9.<\/strong><\/p>\n\t\t\t\t\t\t\t\t<\/div>\n\t\t\t\t<\/div>\n\t\t\t\t\t<\/div>\n\t\t\t\t<\/div>\n\t\t<div class=\"elementor-element elementor-element-1030cb63 e-flex e-con-boxed e-con e-parent\" data-id=\"1030cb63\" data-element_type=\"container\" data-e-type=\"container\" data-settings=\"{&quot;background_background&quot;:&quot;classic&quot;,&quot;background_motion_fx_motion_fx_scrolling&quot;:&quot;yes&quot;,&quot;background_motion_fx_translateY_effect&quot;:&quot;yes&quot;,&quot;background_motion_fx_translateY_speed&quot;:{&quot;unit&quot;:&quot;px&quot;,&quot;size&quot;:4,&quot;sizes&quot;:[]},&quot;background_motion_fx_translateY_affectedRange&quot;:{&quot;unit&quot;:&quot;%&quot;,&quot;size&quot;:&quot;&quot;,&quot;sizes&quot;:{&quot;start&quot;:0,&quot;end&quot;:100}},&quot;background_motion_fx_devices&quot;:[&quot;desktop&quot;,&quot;tablet&quot;,&quot;mobile&quot;]}\">\n\t\t\t\t\t<div class=\"e-con-inner\">\n\t\t\t\t\t<\/div>\n\t\t\t\t<\/div>\n\t\t<div class=\"elementor-element elementor-element-1bea35dc e-flex e-con-boxed e-con e-parent\" data-id=\"1bea35dc\" data-element_type=\"container\" data-e-type=\"container\">\n\t\t\t\t\t<div class=\"e-con-inner\">\n\t\t<div class=\"elementor-element elementor-element-3d8dc55 e-con-full e-flex e-con e-child\" data-id=\"3d8dc55\" data-element_type=\"container\" data-e-type=\"container\">\n\t\t\t\t<div class=\"elementor-element elementor-element-27623acb elementor-widget elementor-widget-heading\" data-id=\"27623acb\" data-element_type=\"widget\" data-e-type=\"widget\" data-widget_type=\"heading.default\">\n\t\t\t\t<div class=\"elementor-widget-container\">\n\t\t\t\t\t<h2 class=\"elementor-heading-title elementor-size-default\">Exigences suppl\u00e9mentaires pour les commandes<\/h2>\t\t\t\t<\/div>\n\t\t\t\t<\/div>\n\t\t\t\t<div class=\"elementor-element elementor-element-5059d841 elementor-widget elementor-widget-text-editor\" data-id=\"5059d841\" data-element_type=\"widget\" data-e-type=\"widget\" data-widget_type=\"text-editor.default\">\n\t\t\t\t<div class=\"elementor-widget-container\">\n\t\t\t\t\t\t\t\t\t<p>Chez <strong>T Grup Cam<\/strong>, nous veillons \u00e0 la <strong>pr\u00e9cision et \u00e0 la qualit\u00e9 de<\/strong> tous nos <strong>vitrages et verres tremp\u00e9s avec coupes<\/strong>. Pour garantir des <strong>performances et une durabilit\u00e9 optimales<\/strong>, les exigences suivantes doivent \u00eatre respect\u00e9es avant le traitement : <\/p>\n<p>\ud83d\udd39 <strong>Broyage avant trempe<\/strong> &#8211; Tout verre n\u00e9cessitant des <strong>coupes ou un traitement sp\u00e9cial<\/strong> doit d&#8217;abord \u00eatre <strong>broy\u00e9<\/strong> avant d&#8217;entrer dans le <strong>processus de trempe<\/strong>.<\/p>\n<p>\ud83d\udd39 <strong>Sp\u00e9cifications d\u00e9taill\u00e9es de la commande<\/strong> &#8211; Tous les <strong>per\u00e7ages, d\u00e9coupes et modifications personnalis\u00e9es<\/strong> doivent \u00eatre <strong>clairement sp\u00e9cifi\u00e9s<\/strong> dans la commande. Les clients sont tenus de fournir des <strong>dessins techniques d\u00e9taill\u00e9s et des tableaux<\/strong> contenant <strong>toutes les mesures et sp\u00e9cifications n\u00e9cessaires<\/strong>. <\/p>\n<p>En suivant ces lignes directrices, nous nous assurons que chaque commande r\u00e9pond aux <strong>normes industrielles les plus \u00e9lev\u00e9es<\/strong>, tout en garantissant la <strong>pr\u00e9cision, la durabilit\u00e9 et la fiabilit\u00e9 de<\/strong> vos projets.<\/p>\n\t\t\t\t\t\t\t\t<\/div>\n\t\t\t\t<\/div>\n\t\t\t\t<\/div>\n\t\t\t\t\t<\/div>\n\t\t\t\t<\/div>\n\t\t<div class=\"elementor-element elementor-element-70cc5843 e-flex e-con-boxed e-con e-parent\" data-id=\"70cc5843\" data-element_type=\"container\" data-e-type=\"container\" data-settings=\"{&quot;background_background&quot;:&quot;classic&quot;}\">\n\t\t\t\t\t<div class=\"e-con-inner\">\n\t\t\t\t<div class=\"elementor-element elementor-element-35ba16a5 elementor-widget elementor-widget-heading\" data-id=\"35ba16a5\" data-element_type=\"widget\" data-e-type=\"widget\" data-widget_type=\"heading.default\">\n\t\t\t\t<div class=\"elementor-widget-container\">\n\t\t\t\t\t<h2 class=\"elementor-heading-title elementor-size-default\">CE QUE NOUS POUVONS OFFRIR<\/h2>\t\t\t\t<\/div>\n\t\t\t\t<\/div>\n\t\t\t\t<div class=\"elementor-element elementor-element-494b7153 elementor-widget elementor-widget-text-editor\" data-id=\"494b7153\" data-element_type=\"widget\" data-e-type=\"widget\" data-widget_type=\"text-editor.default\">\n\t\t\t\t<div class=\"elementor-widget-container\">\n\t\t\t\t\t\t\t\t\t<table>\r\n<tbody>\r\n<tr>\r\n<td><strong>Type d&#8217;usinage<\/strong><\/td>\r\n<td><strong>Dimensions minimales du panneau [mm]<\/strong><\/td>\r\n<td><strong>Dimensions maximales du panneau\r\n[mm]<\/strong><\/td>\r\n<td><strong>\u00c9paisseur du verre\r\n[mm]<\/strong><\/td>\r\n<\/tr>\r\n<tr>\r\n<td>D\u00e9coupes toutes formes<\/td>\r\n<td>150 x 300<\/td>\r\n<td>3210 x 8000<\/td>\r\n<td>3-19<\/td>\r\n\r\n<\/tr>\r\n<\/tbody>\r\n<\/table>\t\t\t\t\t\t\t\t<\/div>\n\t\t\t\t<\/div>\n\t\t\t\t\t<\/div>\n\t\t\t\t<\/div>\n\t\t<div class=\"elementor-element elementor-element-634c3415 e-flex e-con-boxed e-con e-parent\" data-id=\"634c3415\" data-element_type=\"container\" data-e-type=\"container\" data-settings=\"{&quot;background_background&quot;:&quot;classic&quot;,&quot;background_motion_fx_motion_fx_scrolling&quot;:&quot;yes&quot;,&quot;background_motion_fx_translateY_effect&quot;:&quot;yes&quot;,&quot;background_motion_fx_translateY_speed&quot;:{&quot;unit&quot;:&quot;px&quot;,&quot;size&quot;:4,&quot;sizes&quot;:[]},&quot;background_motion_fx_translateY_affectedRange&quot;:{&quot;unit&quot;:&quot;%&quot;,&quot;size&quot;:&quot;&quot;,&quot;sizes&quot;:{&quot;start&quot;:0,&quot;end&quot;:100}},&quot;background_motion_fx_devices&quot;:[&quot;desktop&quot;,&quot;tablet&quot;,&quot;mobile&quot;]}\">\n\t\t\t\t\t<div class=\"e-con-inner\">\n\t\t\t\t<div class=\"elementor-element elementor-element-304022 elementor-widget elementor-widget-heading\" data-id=\"304022\" data-element_type=\"widget\" data-e-type=\"widget\" data-widget_type=\"heading.default\">\n\t\t\t\t<div class=\"elementor-widget-container\">\n\t\t\t\t\t<h2 class=\"elementor-heading-title elementor-size-default\">Nous modifions constamment nos processus de fabrication et changeons nos habitudes pour limiter les effets n\u00e9gatifs sur l'environnement.<\/h2>\t\t\t\t<\/div>\n\t\t\t\t<\/div>\n\t\t\t\t<div class=\"elementor-element elementor-element-20bcb72 elementor-widget elementor-widget-text-editor\" data-id=\"20bcb72\" data-element_type=\"widget\" data-e-type=\"widget\" data-widget_type=\"text-editor.default\">\n\t\t\t\t<div class=\"elementor-widget-container\">\n\t\t\t\t\t\t\t\t\t<p>Afin de faciliter les changements, nous avons adopt\u00e9 la norme ISO 14001, le syst\u00e8me mondial de gestion pour la protection de l&#8217;environnement.<\/p>\n\t\t\t\t\t\t\t\t<\/div>\n\t\t\t\t<\/div>\n\t\t\t\t<div class=\"elementor-element elementor-element-6bc09d3d elementor-align-center elementor-widget elementor-widget-button\" data-id=\"6bc09d3d\" data-element_type=\"widget\" data-e-type=\"widget\" data-widget_type=\"button.default\">\n\t\t\t\t<div class=\"elementor-widget-container\">\n\t\t\t\t\t\t\t\t\t<div class=\"elementor-button-wrapper\">\n\t\t\t\t\t<a class=\"elementor-button elementor-button-link elementor-size-sm\" href=\"https:\/\/tgrupcam.com\/index.php\/contact\/?lang=fr\">\n\t\t\t\t\t\t<span class=\"elementor-button-content-wrapper\">\n\t\t\t\t\t\t\t\t\t<span class=\"elementor-button-text\">Contactez nous<\/span>\n\t\t\t\t\t<\/span>\n\t\t\t\t\t<\/a>\n\t\t\t\t<\/div>\n\t\t\t\t\t\t\t\t<\/div>\n\t\t\t\t<\/div>\n\t\t\t\t\t<\/div>\n\t\t\t\t<\/div>\n\t\t\t\t<\/div>\n\t\t","protected":false},"excerpt":{"rendered":"<p>COUPURES A PROPOS DE CUTTINGS Chez T Grup Cam, nous fournissons des services de d\u00e9coupe de verre de pr\u00e9cision adapt\u00e9s aux applications architecturales, industrielles et d\u00e9coratives. Notre technologie de pointe garantit une grande pr\u00e9cision, des bords nets et des formes personnalis\u00e9es, ce qui permet une int\u00e9gration transparente dans divers projets. Caract\u00e9ristiques et avantages : \u2705 [&hellip;]<\/p>\n","protected":false},"author":1,"featured_media":0,"parent":2498,"menu_order":0,"comment_status":"closed","ping_status":"closed","template":"elementor_header_footer","meta":{"footnotes":""},"class_list":["post-2290","page","type-page","status-publish","hentry"],"_links":{"self":[{"href":"https:\/\/tgrupcam.com\/index.php\/wp-json\/wp\/v2\/pages\/2290","targetHints":{"allow":["GET"]}}],"collection":[{"href":"https:\/\/tgrupcam.com\/index.php\/wp-json\/wp\/v2\/pages"}],"about":[{"href":"https:\/\/tgrupcam.com\/index.php\/wp-json\/wp\/v2\/types\/page"}],"author":[{"embeddable":true,"href":"https:\/\/tgrupcam.com\/index.php\/wp-json\/wp\/v2\/users\/1"}],"replies":[{"embeddable":true,"href":"https:\/\/tgrupcam.com\/index.php\/wp-json\/wp\/v2\/comments?post=2290"}],"version-history":[{"count":0,"href":"https:\/\/tgrupcam.com\/index.php\/wp-json\/wp\/v2\/pages\/2290\/revisions"}],"up":[{"embeddable":true,"href":"https:\/\/tgrupcam.com\/index.php\/wp-json\/wp\/v2\/pages\/2498"}],"wp:attachment":[{"href":"https:\/\/tgrupcam.com\/index.php\/wp-json\/wp\/v2\/media?parent=2290"}],"curies":[{"name":"wp","href":"https:\/\/api.w.org\/{rel}","templated":true}]}}