{"id":2302,"date":"2025-02-05T11:55:33","date_gmt":"2025-02-05T08:55:33","guid":{"rendered":"https:\/\/tgrupcam.com\/index.php\/digitalis-nyomtatas\/"},"modified":"2025-06-04T12:49:37","modified_gmt":"2025-06-04T09:49:37","slug":"digitalis-nyomtatas","status":"publish","type":"page","link":"https:\/\/tgrupcam.com\/index.php\/piaci-ajanlat\/specialis-uveg\/digitalis-nyomtatas\/?lang=hu","title":{"rendered":"Digit\u00e1lis nyomtat\u00e1s"},"content":{"rendered":"\t\t<div data-elementor-type=\"wp-page\" data-elementor-id=\"2302\" class=\"elementor elementor-2302 elementor-52\" data-elementor-post-type=\"page\">\n\t\t\t\t<div class=\"elementor-element elementor-element-7fb1fa25 e-con-full e-flex e-con e-parent\" data-id=\"7fb1fa25\" data-element_type=\"container\" data-e-type=\"container\" data-settings=\"{&quot;background_background&quot;:&quot;classic&quot;,&quot;shape_divider_bottom&quot;:&quot;opacity-fan&quot;}\">\n\t\t\t\t<div class=\"elementor-shape elementor-shape-bottom\" aria-hidden=\"true\" data-negative=\"false\">\n\t\t\t<svg xmlns=\"http:\/\/www.w3.org\/2000\/svg\" viewBox=\"0 0 283.5 19.6\" preserveAspectRatio=\"none\">\n\t<path class=\"elementor-shape-fill\" style=\"opacity:0.33\" d=\"M0 0L0 18.8 141.8 4.1 283.5 18.8 283.5 0z\"\/>\n\t<path class=\"elementor-shape-fill\" style=\"opacity:0.33\" d=\"M0 0L0 12.6 141.8 4 283.5 12.6 283.5 0z\"\/>\n\t<path class=\"elementor-shape-fill\" style=\"opacity:0.33\" d=\"M0 0L0 6.4 141.8 4 283.5 6.4 283.5 0z\"\/>\n\t<path class=\"elementor-shape-fill\" d=\"M0 0L0 1.2 141.8 4 283.5 1.2 283.5 0z\"\/>\n<\/svg>\t\t<\/div>\n\t\t\t\t<div class=\"elementor-element elementor-element-1af6c253 elementor-widget elementor-widget-heading\" data-id=\"1af6c253\" data-element_type=\"widget\" data-e-type=\"widget\" data-widget_type=\"heading.default\">\n\t\t\t\t<div class=\"elementor-widget-container\">\n\t\t\t\t\t<h2 class=\"elementor-heading-title elementor-size-default\">DIGIT\u00c1LIS NYOM\u00c1S<\/h2>\t\t\t\t<\/div>\n\t\t\t\t<\/div>\n\t\t\t\t<\/div>\n\t\t<div class=\"elementor-element elementor-element-443de264 e-flex e-con-boxed e-con e-parent\" data-id=\"443de264\" data-element_type=\"container\" data-e-type=\"container\">\n\t\t\t\t\t<div class=\"e-con-inner\">\n\t\t\t\t<div class=\"elementor-element elementor-element-8c55c8e elementor-widget elementor-widget-heading\" data-id=\"8c55c8e\" data-element_type=\"widget\" data-e-type=\"widget\" data-widget_type=\"heading.default\">\n\t\t\t\t<div class=\"elementor-widget-container\">\n\t\t\t\t\t<h2 class=\"elementor-heading-title elementor-size-default\">A DIGIT\u00c1LIS NYOMTAT\u00c1SR\u00d3L<\/h2>\t\t\t\t<\/div>\n\t\t\t\t<\/div>\n\t\t\t\t<div class=\"elementor-element elementor-element-4bad03ce elementor-widget elementor-widget-text-editor\" data-id=\"4bad03ce\" data-element_type=\"widget\" data-e-type=\"widget\" data-widget_type=\"text-editor.default\">\n\t\t\t\t<div class=\"elementor-widget-container\">\n\t\t\t\t\t\t\t\t\t<p>A <strong>T Grup Cam<\/strong> <strong>kiv\u00e1l\u00f3 min\u0151s\u00e9g\u0171 digit\u00e1lis nyomtatott \u00fcveget<\/strong> k\u00edn\u00e1l, amely <strong>korl\u00e1tlan tervez\u00e9si lehet\u0151s\u00e9geket<\/strong> k\u00edn\u00e1l mind <strong>\u00e9p\u00edt\u00e9szeti, mind dekorat\u00edv alkalmaz\u00e1sokhoz<\/strong>. A <strong>legmodernebb ker\u00e1mia nyomtat\u00e1si technol\u00f3gi\u00e1val<\/strong> <strong>\u00e9l\u00e9nk, tart\u00f3s \u00e9s UV-\u00e1ll\u00f3 nyomatokat<\/strong> k\u00e9sz\u00edt\u00fcnk k\u00f6zvetlen\u00fcl az \u00fcvegfel\u00fcletekre, biztos\u00edtva a <strong>hossz\u00fa \u00e9lettartam\u00fa \u00e9s nagy felbont\u00e1s\u00fa formatervez\u00e9st<\/strong>. <\/p>\n<p><strong>El\u0151ny\u00f6k:<\/strong><\/p>\n<p>\u2705 <strong>Testreszabhat\u00f3 mint\u00e1k<\/strong> &#8211; A nyomatok tartalmazhatnak <strong>log\u00f3kat, k\u00e9peket, mint\u00e1kat vagy text\u00far\u00e1kat<\/strong> az egyedi vizu\u00e1lis hat\u00e1sok \u00e9rdek\u00e9ben.<br \/>\u2705 <strong>Tart\u00f3ss\u00e1g \u00e9s id\u0151j\u00e1r\u00e1s\u00e1ll\u00f3s\u00e1g<\/strong> &#8211; A ker\u00e1miatint\u00e1k \u00f6sszeolvadnak az \u00fcvegfel\u00fclettel, \u00edgy biztos\u00edtva a <strong>fakul\u00e1s-<\/strong> \u00e9s <strong>karc\u00e1ll\u00f3<\/strong> fel\u00fcletet.<br \/>\u2705 <strong>Energiahat\u00e9konys\u00e1g \u00e9s f\u00e9nyszab\u00e1lyoz\u00e1s<\/strong> &#8211; Kombin\u00e1lhat\u00f3 <strong>alacsony kibocs\u00e1t\u00e1s\u00fa \u00e9s napelemes bevonatokkal<\/strong>.<br \/>\u2705 <strong>Sokoldal\u00fa alkalmaz\u00e1sok<\/strong> &#8211; Alkalmas <strong>homlokzatokhoz, bels\u0151 terekhez \u00e9s dekor\u00e1ci\u00f3s elemekhez<\/strong>.<br \/>\u2705 <strong>K\u00f6rnyezetbar\u00e1t gy\u00e1rt\u00e1s<\/strong> &#8211; <strong>\u00d3lommentes \u00e9s k\u00f6rnyezetbar\u00e1t<\/strong> ker\u00e1mia alap\u00fa tint\u00e1kat haszn\u00e1l.<\/p>\n<p><strong>Alkalmaz\u00e1sok:<\/strong><\/p>\n<ul>\n<li><strong>\u00c9p\u00fclethomlokzatok \u00e9s \u00fcvegburkolatok<\/strong><\/li>\n<li><strong>Bels\u0151 v\u00e1laszfalak \u00e9s dekorat\u00edv panelek<\/strong><\/li>\n<li><strong>Kiskereskedelmi kirakatok \u00e9s feliratok<\/strong><\/li>\n<li><strong>Zuhanykabinok \u00e9s korl\u00e1tok<\/strong><\/li>\n<li><strong>Vend\u00e9gl\u00e1t\u00e1s \u00e9s v\u00e1llalati m\u00e1rka\u00e9p\u00edt\u00e9s<\/strong><\/li>\n<\/ul>\n<p><strong>Digit\u00e1lis nyomtatott \u00fcveg\u00fcnk<\/strong> <strong>a h\u00e9tk\u00f6znapi \u00fcveget diz\u00e1jnelemm\u00e9 alak<\/strong>\u00edtja \u00e1t, \u00e9s a <strong>funkcionalit\u00e1st eszt\u00e9tikummal<\/strong> kombin\u00e1lja, hogy <strong>mind a belt\u00e9ri, mind a k\u00fclt\u00e9ri tereket<\/strong> feldobja.<\/p>\n\t\t\t\t\t\t\t\t<\/div>\n\t\t\t\t<\/div>\n\t\t\t\t\t<\/div>\n\t\t\t\t<\/div>\n\t\t<div class=\"elementor-element elementor-element-56ff6661 e-flex e-con-boxed e-con e-parent\" data-id=\"56ff6661\" data-element_type=\"container\" data-e-type=\"container\" data-settings=\"{&quot;background_background&quot;:&quot;classic&quot;,&quot;background_motion_fx_motion_fx_scrolling&quot;:&quot;yes&quot;,&quot;background_motion_fx_translateY_effect&quot;:&quot;yes&quot;,&quot;background_motion_fx_translateY_speed&quot;:{&quot;unit&quot;:&quot;px&quot;,&quot;size&quot;:4,&quot;sizes&quot;:[]},&quot;background_motion_fx_translateY_affectedRange&quot;:{&quot;unit&quot;:&quot;%&quot;,&quot;size&quot;:&quot;&quot;,&quot;sizes&quot;:{&quot;start&quot;:0,&quot;end&quot;:100}},&quot;background_motion_fx_devices&quot;:[&quot;desktop&quot;,&quot;tablet&quot;,&quot;mobile&quot;]}\">\n\t\t\t\t\t<div class=\"e-con-inner\">\n\t\t\t\t\t<\/div>\n\t\t\t\t<\/div>\n\t\t<div class=\"elementor-element elementor-element-7f1d490e e-flex e-con-boxed e-con e-parent\" data-id=\"7f1d490e\" data-element_type=\"container\" data-e-type=\"container\">\n\t\t\t\t\t<div class=\"e-con-inner\">\n\t\t<div class=\"elementor-element elementor-element-6621268f e-con-full e-flex e-con e-child\" data-id=\"6621268f\" data-element_type=\"container\" data-e-type=\"container\">\n\t\t\t\t<div class=\"elementor-element elementor-element-dfc8ec1 elementor-widget elementor-widget-heading\" data-id=\"dfc8ec1\" data-element_type=\"widget\" data-e-type=\"widget\" data-widget_type=\"heading.default\">\n\t\t\t\t<div class=\"elementor-widget-container\">\n\t\t\t\t\t<h2 class=\"elementor-heading-title elementor-size-default\">\u00datmutat\u00f3 az \u00fcgyfeleknek - Digit\u00e1lis \u00fcvegnyomtat\u00e1s<\/h2>\t\t\t\t<\/div>\n\t\t\t\t<\/div>\n\t\t\t\t<div class=\"elementor-element elementor-element-4b5b6bfc elementor-widget elementor-widget-text-editor\" data-id=\"4b5b6bfc\" data-element_type=\"widget\" data-e-type=\"widget\" data-widget_type=\"text-editor.default\">\n\t\t\t\t<div class=\"elementor-widget-container\">\n\t\t\t\t\t\t\t\t\t<p>A <strong>T Grup Cam-n\u00e1l<\/strong> a pontos f\u00e1jlform\u00e1tum \u00e9s felbont\u00e1s k\u00f6vetelm\u00e9nyeinek betart\u00e1s\u00e1val biztos\u00edtjuk <strong>a kiv\u00e1l\u00f3 min\u0151s\u00e9g\u0171 digit\u00e1lis nyomtat\u00e1st \u00fcvegre<\/strong>. Az <strong>optim\u00e1lis nyomtat\u00e1si tisztas\u00e1g \u00e9s tart\u00f3ss\u00e1g<\/strong> el\u00e9r\u00e9se \u00e9rdek\u00e9ben az al\u00e1bbi specifik\u00e1ci\u00f3kat aj\u00e1nljuk a bek\u00fcld\u00f6tt grafikai f\u00e1jlokra: <\/p>\n<p>\ud83d\udd39 <strong>Elfogadott f\u00e1jlform\u00e1tumok:<\/strong> <strong>PDF, PS, EPS, DXF, DWG, DWF, TIFF, BMP \u00e9s JPEG<\/strong>.<br \/>\ud83d\udd39 <strong>Felbont\u00e1si k\u00f6vetelm\u00e9ny:<\/strong> A tiszta, j\u00f3 min\u0151s\u00e9g\u0171 nyomatok \u00e9rdek\u00e9ben <strong>legal\u00e1bb 72 dpi felbont\u00e1s<\/strong> aj\u00e1nlott.<br \/>\ud83d\udd39 <strong>Nyomtat\u00e1si m\u00e9retre vonatkoz\u00f3 megfontol\u00e1sok:<\/strong> A <strong>maxim\u00e1lis fel\u00fclnyomtat\u00e1si m\u00e9ret<\/strong> <strong>a grafikai anyag min\u0151s\u00e9g\u00e9t\u0151l \u00e9s felbont\u00e1s\u00e1t\u00f3l<\/strong> f\u00fcgg.<\/p>\n<p>Az <strong>aj\u00e1nlott form\u00e1tum\u00fa, nagy felbont\u00e1s\u00fa grafikai f\u00e1jlok<\/strong> biztos\u00edt\u00e1s\u00e1val az \u00fcgyfelek <strong>\u00e9les, \u00e9l\u00e9nk \u00e9s hossz\u00fa \u00e9lettartam\u00fa digit\u00e1lis nyomatokat<\/strong> k\u00e9sz\u00edthetnek \u00fcvegre.<\/p>\n\t\t\t\t\t\t\t\t<\/div>\n\t\t\t\t<\/div>\n\t\t\t\t<\/div>\n\t\t\t\t\t<\/div>\n\t\t\t\t<\/div>\n\t\t<div class=\"elementor-element elementor-element-5f1e737a e-flex e-con-boxed e-con e-parent\" data-id=\"5f1e737a\" data-element_type=\"container\" data-e-type=\"container\" data-settings=\"{&quot;background_background&quot;:&quot;classic&quot;}\">\n\t\t\t\t\t<div class=\"e-con-inner\">\n\t\t\t\t<div class=\"elementor-element elementor-element-63aa0f02 elementor-widget elementor-widget-heading\" data-id=\"63aa0f02\" data-element_type=\"widget\" data-e-type=\"widget\" data-widget_type=\"heading.default\">\n\t\t\t\t<div class=\"elementor-widget-container\">\n\t\t\t\t\t<h2 class=\"elementor-heading-title elementor-size-default\">NYOMTAT\u00c1SI M\u00c9RET<\/h2>\t\t\t\t<\/div>\n\t\t\t\t<\/div>\n\t\t\t\t<div class=\"elementor-element elementor-element-4bf1b3ea elementor-widget elementor-widget-text-editor\" data-id=\"4bf1b3ea\" data-element_type=\"widget\" data-e-type=\"widget\" data-widget_type=\"text-editor.default\">\n\t\t\t\t<div class=\"elementor-widget-container\">\n\t\t\t\t\t\t\t\t\t<table>\n<tbody>\n<tr>\n<td><strong>\u00dcvegvastags\u00e1g<br \/>[mm]<\/strong><\/td>\n<td><strong>Minim\u00e1lis m\u00e9retek<br \/>[mm]<\/strong><\/td>\n<td><strong>Maxim\u00e1lis m\u00e9retek<br \/>[mm]<\/strong><\/td>\n<\/tr>\n<tr>\n<td>4<\/td>\n<td>100 x 250<\/td>\n<td>\u00a03210 x 6000<\/td>\n<\/tr>\n<tr>\n<td>5<\/td>\n<td>100 x 250<\/td>\n<td>3210 x 6000<\/td>\n<\/tr>\n<tr>\n<td>6-19<\/td>\n<p><t>100 x 250<\/td>\n<td>3210 x 6000<\/td>\n<\/tr>\n<\/tbody>\n<\/table>\n\t\t\t\t\t\t\t\t<\/div>\n\t\t\t\t<\/div>\n\t\t\t\t\t<\/div>\n\t\t\t\t<\/div>\n\t\t<div class=\"elementor-element elementor-element-6251ca34 e-flex e-con-boxed e-con e-parent\" data-id=\"6251ca34\" data-element_type=\"container\" data-e-type=\"container\" data-settings=\"{&quot;background_background&quot;:&quot;classic&quot;,&quot;background_motion_fx_motion_fx_scrolling&quot;:&quot;yes&quot;,&quot;background_motion_fx_translateY_effect&quot;:&quot;yes&quot;,&quot;background_motion_fx_translateY_speed&quot;:{&quot;unit&quot;:&quot;px&quot;,&quot;size&quot;:4,&quot;sizes&quot;:[]},&quot;background_motion_fx_translateY_affectedRange&quot;:{&quot;unit&quot;:&quot;%&quot;,&quot;size&quot;:&quot;&quot;,&quot;sizes&quot;:{&quot;start&quot;:0,&quot;end&quot;:100}},&quot;background_motion_fx_devices&quot;:[&quot;desktop&quot;,&quot;tablet&quot;,&quot;mobile&quot;]}\">\n\t\t\t\t\t<div class=\"e-con-inner\">\n\t\t\t\t<div class=\"elementor-element elementor-element-6fd0ed89 elementor-widget elementor-widget-heading\" data-id=\"6fd0ed89\" data-element_type=\"widget\" data-e-type=\"widget\" data-widget_type=\"heading.default\">\n\t\t\t\t<div class=\"elementor-widget-container\">\n\t\t\t\t\t<h2 class=\"elementor-heading-title elementor-size-default\">Folyamatosan m\u00f3dos\u00edtjuk gy\u00e1rt\u00e1si folyamatainkat \u00e9s szok\u00e1sainkat, hogy korl\u00e1tozzuk a k\u00f6rnyezetre gyakorolt negat\u00edv hat\u00e1sokat.<\/h2>\t\t\t\t<\/div>\n\t\t\t\t<\/div>\n\t\t\t\t<div class=\"elementor-element elementor-element-12178153 elementor-widget elementor-widget-text-editor\" data-id=\"12178153\" data-element_type=\"widget\" data-e-type=\"widget\" data-widget_type=\"text-editor.default\">\n\t\t\t\t<div class=\"elementor-widget-container\">\n\t\t\t\t\t\t\t\t\t<p>A v\u00e1ltoz\u00e1sok megk\u00f6nny\u00edt\u00e9se \u00e9rdek\u00e9ben elfogadtuk az ISO 14001 szabv\u00e1nyt, a k\u00f6rnyezetv\u00e9delem vil\u00e1gszint\u0171 ir\u00e1ny\u00edt\u00e1si rendszer\u00e9t.<\/p>\n\t\t\t\t\t\t\t\t<\/div>\n\t\t\t\t<\/div>\n\t\t\t\t<div class=\"elementor-element elementor-element-3cd89381 elementor-align-center elementor-widget elementor-widget-button\" data-id=\"3cd89381\" data-element_type=\"widget\" data-e-type=\"widget\" data-widget_type=\"button.default\">\n\t\t\t\t<div class=\"elementor-widget-container\">\n\t\t\t\t\t\t\t\t\t<div class=\"elementor-button-wrapper\">\n\t\t\t\t\t<a class=\"elementor-button elementor-button-link elementor-size-sm\" href=\"https:\/\/tgrupcam.com\/index.php\/kapcsolat\/?lang=hu\">\n\t\t\t\t\t\t<span class=\"elementor-button-content-wrapper\">\n\t\t\t\t\t\t\t\t\t<span class=\"elementor-button-text\">Kapcsolatfelv\u00e9tel<\/span>\n\t\t\t\t\t<\/span>\n\t\t\t\t\t<\/a>\n\t\t\t\t<\/div>\n\t\t\t\t\t\t\t\t<\/div>\n\t\t\t\t<\/div>\n\t\t\t\t\t<\/div>\n\t\t\t\t<\/div>\n\t\t\t\t<\/div>\n\t\t","protected":false},"excerpt":{"rendered":"<p>DIGIT\u00c1LIS NYOM\u00c1S A DIGIT\u00c1LIS NYOMTAT\u00c1SR\u00d3L A T Grup Cam kiv\u00e1l\u00f3 min\u0151s\u00e9g\u0171 digit\u00e1lis nyomtatott \u00fcveget k\u00edn\u00e1l, amely korl\u00e1tlan tervez\u00e9si lehet\u0151s\u00e9geket k\u00edn\u00e1l mind \u00e9p\u00edt\u00e9szeti, mind dekorat\u00edv alkalmaz\u00e1sokhoz. A legmodernebb ker\u00e1mia nyomtat\u00e1si technol\u00f3gi\u00e1val \u00e9l\u00e9nk, tart\u00f3s \u00e9s UV-\u00e1ll\u00f3 nyomatokat k\u00e9sz\u00edt\u00fcnk k\u00f6zvetlen\u00fcl az \u00fcvegfel\u00fcletekre, biztos\u00edtva a hossz\u00fa \u00e9lettartam\u00fa \u00e9s nagy felbont\u00e1s\u00fa formatervez\u00e9st. El\u0151ny\u00f6k: \u2705 Testreszabhat\u00f3 mint\u00e1k &#8211; A nyomatok tartalmazhatnak [&hellip;]<\/p>\n","protected":false},"author":1,"featured_media":0,"parent":2460,"menu_order":0,"comment_status":"closed","ping_status":"closed","template":"elementor_header_footer","meta":{"footnotes":""},"class_list":["post-2302","page","type-page","status-publish","hentry"],"_links":{"self":[{"href":"https:\/\/tgrupcam.com\/index.php\/wp-json\/wp\/v2\/pages\/2302","targetHints":{"allow":["GET"]}}],"collection":[{"href":"https:\/\/tgrupcam.com\/index.php\/wp-json\/wp\/v2\/pages"}],"about":[{"href":"https:\/\/tgrupcam.com\/index.php\/wp-json\/wp\/v2\/types\/page"}],"author":[{"embeddable":true,"href":"https:\/\/tgrupcam.com\/index.php\/wp-json\/wp\/v2\/users\/1"}],"replies":[{"embeddable":true,"href":"https:\/\/tgrupcam.com\/index.php\/wp-json\/wp\/v2\/comments?post=2302"}],"version-history":[{"count":0,"href":"https:\/\/tgrupcam.com\/index.php\/wp-json\/wp\/v2\/pages\/2302\/revisions"}],"up":[{"embeddable":true,"href":"https:\/\/tgrupcam.com\/index.php\/wp-json\/wp\/v2\/pages\/2460"}],"wp:attachment":[{"href":"https:\/\/tgrupcam.com\/index.php\/wp-json\/wp\/v2\/media?parent=2302"}],"curies":[{"name":"wp","href":"https:\/\/api.w.org\/{rel}","templated":true}]}}