{"id":2834,"date":"2025-02-05T10:45:19","date_gmt":"2025-02-05T07:45:19","guid":{"rendered":"https:\/\/tgrupcam.com\/index.php\/ana-sayfa\/"},"modified":"2025-06-11T17:11:47","modified_gmt":"2025-06-11T14:11:47","slug":"ana-sayfa","status":"publish","type":"page","link":"https:\/\/tgrupcam.com\/index.php\/ana-sayfa\/?lang=tr","title":{"rendered":"Ana Sayfa"},"content":{"rendered":"\t\t<div data-elementor-type=\"wp-page\" data-elementor-id=\"2834\" class=\"elementor elementor-2834 elementor-9\" data-elementor-post-type=\"page\">\n\t\t\t\t<div class=\"elementor-element elementor-element-58f1855 e-flex e-con-boxed e-con e-parent\" data-id=\"58f1855\" data-element_type=\"container\" data-e-type=\"container\" data-settings=\"{&quot;background_background&quot;:&quot;slideshow&quot;,&quot;background_slideshow_gallery&quot;:[{&quot;id&quot;:152,&quot;url&quot;:&quot;https:\\\/\\\/tgrupcam.com\\\/wp-content\\\/uploads\\\/2025\\\/02\\\/brown-concrete-building-with-large-windows-1600x1068-1.jpg&quot;},{&quot;id&quot;:184,&quot;url&quot;:&quot;https:\\\/\\\/tgrupcam.com\\\/wp-content\\\/uploads\\\/2025\\\/02\\\/glass-facade-sunny-day-2400x1600-1.jpg&quot;},{&quot;id&quot;:119,&quot;url&quot;:&quot;https:\\\/\\\/tgrupcam.com\\\/wp-content\\\/uploads\\\/2025\\\/02\\\/modern-construction-2400x1600-1.jpg&quot;},{&quot;id&quot;:118,&quot;url&quot;:&quot;https:\\\/\\\/tgrupcam.com\\\/wp-content\\\/uploads\\\/2025\\\/02\\\/stairs-modern-building-2424x1956-1.jpg&quot;}],&quot;background_slideshow_loop&quot;:&quot;yes&quot;,&quot;background_slideshow_slide_duration&quot;:5000,&quot;background_slideshow_slide_transition&quot;:&quot;fade&quot;,&quot;background_slideshow_transition_duration&quot;:500}\">\n\t\t\t\t\t<div class=\"e-con-inner\">\n\t\t\t\t\t<\/div>\n\t\t\t\t<\/div>\n\t\t<div class=\"elementor-element elementor-element-ed8745e e-flex e-con-boxed e-con e-parent\" data-id=\"ed8745e\" data-element_type=\"container\" data-e-type=\"container\">\n\t\t\t\t\t<div class=\"e-con-inner\">\n\t\t\t\t<div class=\"elementor-element elementor-element-cc17f22 elementor-widget elementor-widget-heading\" data-id=\"cc17f22\" data-element_type=\"widget\" data-e-type=\"widget\" data-widget_type=\"heading.default\">\n\t\t\t\t<div class=\"elementor-widget-container\">\n\t\t\t\t\t<h2 class=\"elementor-heading-title elementor-size-default\">Camda Hassasiyet, Hizmette M\u00fckemmeliyet.<\/h2>\t\t\t\t<\/div>\n\t\t\t\t<\/div>\n\t\t\t\t\t<\/div>\n\t\t\t\t<\/div>\n\t\t<div class=\"elementor-element elementor-element-f3aa8c1 e-flex e-con-boxed e-con e-parent\" data-id=\"f3aa8c1\" data-element_type=\"container\" data-e-type=\"container\">\n\t\t\t\t\t<div class=\"e-con-inner\">\n\t\t<div class=\"elementor-element elementor-element-57ba5ed e-con-full e-flex e-con e-child\" data-id=\"57ba5ed\" data-element_type=\"container\" data-e-type=\"container\">\n\t\t\t\t<div class=\"elementor-element elementor-element-c575831 elementor-position-top elementor-widget elementor-widget-image-box\" data-id=\"c575831\" data-element_type=\"widget\" data-e-type=\"widget\" data-widget_type=\"image-box.default\">\n\t\t\t\t<div class=\"elementor-widget-container\">\n\t\t\t\t\t<div class=\"elementor-image-box-wrapper\"><figure class=\"elementor-image-box-img\"><img decoding=\"async\" src=\"https:\/\/tgrupcam.com\/wp-content\/uploads\/elementor\/thumbs\/modern-building-made-crystal-1920x1080-1-r4tyrexsbxh0xh6swtfcfwg2wyeq2tund2ei63jxrg.jpg\" title=\"modern-building-made-crystal-1920&#215;1080\" alt=\"modern-building-made-crystal-1920x1080\" loading=\"lazy\" \/><\/figure><div class=\"elementor-image-box-content\"><h3 class=\"elementor-image-box-title\">Caml\u0131 \u00dcniteler<\/h3><p class=\"elementor-image-box-description\">Akustik Caml\u0131 \u00dcniteler - Kur\u015funge\u00e7irmez Cam - Alev Dayan\u0131kl\u0131 Cam - S\u0131cak Kenarl\u0131 Caml\u0131 \u00dcniteler - D\u00fc\u015f\u00fck Emisyonlu Cam - S\u00fcslemeli Cam - G\u00fcvenlik ve Emniyet Cam\u0131 - G\u00fcne\u015f Kontrol Cam\u0131 - Pencere B\u00f6l\u00fcc\u00fcler<\/p><\/div><\/div>\t\t\t\t<\/div>\n\t\t\t\t<\/div>\n\t\t\t\t<\/div>\n\t\t<div class=\"elementor-element elementor-element-0aefdf5 e-con-full e-flex e-con e-child\" data-id=\"0aefdf5\" data-element_type=\"container\" data-e-type=\"container\">\n\t\t\t\t<div class=\"elementor-element elementor-element-bf36a83 elementor-position-top elementor-widget elementor-widget-image-box\" data-id=\"bf36a83\" data-element_type=\"widget\" data-e-type=\"widget\" data-widget_type=\"image-box.default\">\n\t\t\t\t<div class=\"elementor-widget-container\">\n\t\t\t\t\t<div class=\"elementor-image-box-wrapper\"><figure class=\"elementor-image-box-img\"><img decoding=\"async\" src=\"https:\/\/tgrupcam.com\/wp-content\/uploads\/elementor\/thumbs\/skyscraper-modern-office-buildings-city-Large-r4tyrexsbxh0xh6swtfcfwg2wyeq2tund2ei63jxrg.jpg\" title=\"skyscraper-modern-office-buildings-city (Large)\" alt=\"skyscraper-modern-office-buildings-city (Large)\" loading=\"lazy\" \/><\/figure><div class=\"elementor-image-box-content\"><h3 class=\"elementor-image-box-title\">\u00d6zel Cam<\/h3><p class=\"elementor-image-box-description\">Toughened Glass - Sertle\u015ftirilmi\u015f CamBird Friendly Glass - Ku\u015f Dostu CamDigital Print - Dijital Bask\u0131Cuttings - KesimlerDrillings - Delikler<br>HST (Heat Soak Test) - Is\u0131 Dald\u0131rma Testi<br>Laminated Glass - Lamineli Cam<br>Machining of Edges - Kenar \u0130\u015fleme<br>Silk Screen Printing - Serigrafi Bask\u0131<br>Spandrels - Yan Y\u00fczeyler<\/p><\/div><\/div>\t\t\t\t<\/div>\n\t\t\t\t<\/div>\n\t\t\t\t<\/div>\n\t\t<div class=\"elementor-element elementor-element-0ade359 e-con-full e-flex e-con e-child\" data-id=\"0ade359\" data-element_type=\"container\" data-e-type=\"container\">\n\t\t\t\t<div class=\"elementor-element elementor-element-e4fc47c elementor-position-top elementor-widget elementor-widget-image-box\" data-id=\"e4fc47c\" data-element_type=\"widget\" data-e-type=\"widget\" data-widget_type=\"image-box.default\">\n\t\t\t\t<div class=\"elementor-widget-container\">\n\t\t\t\t\t<div class=\"elementor-image-box-wrapper\"><figure class=\"elementor-image-box-img\"><img decoding=\"async\" src=\"https:\/\/tgrupcam.com\/wp-content\/uploads\/elementor\/thumbs\/arrangement-large-glass-slices-glass-window-manufacturing-factory-Large-r4tyrexsbxh0xh6swtfcfwg2wyeq2tund2ei63jxrg.jpg\" title=\"arrangement of large glass slices in a glass window manufacturing factory\" alt=\"arrangement of large glass slices in a glass window manufacturing factory\" loading=\"lazy\" \/><\/figure><div class=\"elementor-image-box-content\"><h3 class=\"elementor-image-box-title\">Tek Cam<\/h3><p class=\"elementor-image-box-description\">Y\u00fcksek kaliteli tek cam\u0131, AGC, Guardian Sunguard, Pilkington, Saint-Gobain ve \u015ei\u015fecam gibi \u00f6nde gelen global tedarik\u00e7ilerden temin ediyoruz ve \u00fcst\u00fcn performans ile g\u00fcvenilirlik sa\u011fl\u0131yoruz.<\/p><\/div><\/div>\t\t\t\t<\/div>\n\t\t\t\t<\/div>\n\t\t\t\t<\/div>\n\t\t\t\t\t<\/div>\n\t\t\t\t<\/div>\n\t\t<div class=\"elementor-element elementor-element-2fc6fe9 e-flex e-con-boxed e-con e-parent\" data-id=\"2fc6fe9\" data-element_type=\"container\" data-e-type=\"container\" data-settings=\"{&quot;background_background&quot;:&quot;classic&quot;}\">\n\t\t\t\t\t<div class=\"e-con-inner\">\n\t\t\t\t<div class=\"elementor-element elementor-element-c55154f elementor-widget elementor-widget-heading\" data-id=\"c55154f\" data-element_type=\"widget\" data-e-type=\"widget\" data-widget_type=\"heading.default\">\n\t\t\t\t<div class=\"elementor-widget-container\">\n\t\t\t\t\t<h2 class=\"elementor-heading-title elementor-size-default\">Cephe camlama<\/h2>\t\t\t\t<\/div>\n\t\t\t\t<\/div>\n\t\t\t\t<div class=\"elementor-element elementor-element-c59ad45 elementor-widget elementor-widget-image-gallery\" data-id=\"c59ad45\" data-element_type=\"widget\" data-e-type=\"widget\" data-widget_type=\"image-gallery.default\">\n\t\t\t\t<div class=\"elementor-widget-container\">\n\t\t\t\t\t\t\t<div class=\"elementor-image-gallery\">\n\t\t\t<div id='gallery-1' class='gallery galleryid-2834 gallery-columns-6 gallery-size-thumbnail'><figure class='gallery-item'>\n\t\t\t<div class='gallery-icon portrait'>\n\t\t\t\t<a data-elementor-open-lightbox=\"yes\" data-elementor-lightbox-slideshow=\"c59ad45\" data-elementor-lightbox-title=\"columnar-transom-442x465\" data-e-action-hash=\"#elementor-action%3Aaction%3Dlightbox%26settings%3DeyJpZCI6MTI1LCJ1cmwiOiJodHRwczpcL1wvdGdydXBjYW0uY29tXC93cC1jb250ZW50XC91cGxvYWRzXC8yMDI1XC8wMlwvY29sdW1uYXItdHJhbnNvbS00NDJ4NDY1LTEucG5nIiwic2xpZGVzaG93IjoiYzU5YWQ0NSJ9\" href='https:\/\/tgrupcam.com\/wp-content\/uploads\/2025\/02\/columnar-transom-442x465-1.png'><img decoding=\"async\" width=\"150\" height=\"150\" src=\"https:\/\/tgrupcam.com\/wp-content\/uploads\/2025\/02\/columnar-transom-442x465-1-150x150.png\" class=\"attachment-thumbnail size-thumbnail\" alt=\"\" \/><\/a>\n\t\t\t<\/div><\/figure><figure class='gallery-item'>\n\t\t\t<div class='gallery-icon portrait'>\n\t\t\t\t<a data-elementor-open-lightbox=\"yes\" data-elementor-lightbox-slideshow=\"c59ad45\" data-elementor-lightbox-title=\"vertical-line-type1-442x465\" data-e-action-hash=\"#elementor-action%3Aaction%3Dlightbox%26settings%3DeyJpZCI6MTI2LCJ1cmwiOiJodHRwczpcL1wvdGdydXBjYW0uY29tXC93cC1jb250ZW50XC91cGxvYWRzXC8yMDI1XC8wMlwvdmVydGljYWwtbGluZS10eXBlMS00NDJ4NDY1LTEucG5nIiwic2xpZGVzaG93IjoiYzU5YWQ0NSJ9\" href='https:\/\/tgrupcam.com\/wp-content\/uploads\/2025\/02\/vertical-line-type1-442x465-1.png'><img decoding=\"async\" width=\"150\" height=\"150\" src=\"https:\/\/tgrupcam.com\/wp-content\/uploads\/2025\/02\/vertical-line-type1-442x465-1-150x150.png\" class=\"attachment-thumbnail size-thumbnail\" alt=\"\" \/><\/a>\n\t\t\t<\/div><\/figure><figure class='gallery-item'>\n\t\t\t<div class='gallery-icon portrait'>\n\t\t\t\t<a data-elementor-open-lightbox=\"yes\" data-elementor-lightbox-slideshow=\"c59ad45\" data-elementor-lightbox-title=\"horizontal-line-type-442x465\" data-e-action-hash=\"#elementor-action%3Aaction%3Dlightbox%26settings%3DeyJpZCI6MTI3LCJ1cmwiOiJodHRwczpcL1wvdGdydXBjYW0uY29tXC93cC1jb250ZW50XC91cGxvYWRzXC8yMDI1XC8wMlwvaG9yaXpvbnRhbC1saW5lLXR5cGUtNDQyeDQ2NS0xLnBuZyIsInNsaWRlc2hvdyI6ImM1OWFkNDUifQ%3D%3D\" href='https:\/\/tgrupcam.com\/wp-content\/uploads\/2025\/02\/horizontal-line-type-442x465-1.png'><img decoding=\"async\" width=\"150\" height=\"150\" src=\"https:\/\/tgrupcam.com\/wp-content\/uploads\/2025\/02\/horizontal-line-type-442x465-1-150x150.png\" class=\"attachment-thumbnail size-thumbnail\" alt=\"\" \/><\/a>\n\t\t\t<\/div><\/figure><figure class='gallery-item'>\n\t\t\t<div class='gallery-icon portrait'>\n\t\t\t\t<a data-elementor-open-lightbox=\"yes\" data-elementor-lightbox-slideshow=\"c59ad45\" data-elementor-lightbox-title=\"full-structural-glazing-444x465\" data-e-action-hash=\"#elementor-action%3Aaction%3Dlightbox%26settings%3DeyJpZCI6MTI4LCJ1cmwiOiJodHRwczpcL1wvdGdydXBjYW0uY29tXC93cC1jb250ZW50XC91cGxvYWRzXC8yMDI1XC8wMlwvZnVsbC1zdHJ1Y3R1cmFsLWdsYXppbmctNDQ0eDQ2NS0xLnBuZyIsInNsaWRlc2hvdyI6ImM1OWFkNDUifQ%3D%3D\" href='https:\/\/tgrupcam.com\/wp-content\/uploads\/2025\/02\/full-structural-glazing-444x465-1.png'><img loading=\"lazy\" decoding=\"async\" width=\"150\" height=\"150\" src=\"https:\/\/tgrupcam.com\/wp-content\/uploads\/2025\/02\/full-structural-glazing-444x465-1-150x150.png\" class=\"attachment-thumbnail size-thumbnail\" alt=\"\" \/><\/a>\n\t\t\t<\/div><\/figure><figure class='gallery-item'>\n\t\t\t<div class='gallery-icon portrait'>\n\t\t\t\t<a data-elementor-open-lightbox=\"yes\" data-elementor-lightbox-slideshow=\"c59ad45\" data-elementor-lightbox-title=\"bolt-fixing-444x465\" data-e-action-hash=\"#elementor-action%3Aaction%3Dlightbox%26settings%3DeyJpZCI6MTI5LCJ1cmwiOiJodHRwczpcL1wvdGdydXBjYW0uY29tXC93cC1jb250ZW50XC91cGxvYWRzXC8yMDI1XC8wMlwvYm9sdC1maXhpbmctNDQ0eDQ2NS0xLnBuZyIsInNsaWRlc2hvdyI6ImM1OWFkNDUifQ%3D%3D\" href='https:\/\/tgrupcam.com\/wp-content\/uploads\/2025\/02\/bolt-fixing-444x465-1.png'><img loading=\"lazy\" decoding=\"async\" width=\"150\" height=\"150\" src=\"https:\/\/tgrupcam.com\/wp-content\/uploads\/2025\/02\/bolt-fixing-444x465-1-150x150.png\" class=\"attachment-thumbnail size-thumbnail\" alt=\"\" \/><\/a>\n\t\t\t<\/div><\/figure><figure class='gallery-item'>\n\t\t\t<div class='gallery-icon portrait'>\n\t\t\t\t<a data-elementor-open-lightbox=\"yes\" data-elementor-lightbox-slideshow=\"c59ad45\" data-elementor-lightbox-title=\"fin-glazing-444x465\" data-e-action-hash=\"#elementor-action%3Aaction%3Dlightbox%26settings%3DeyJpZCI6MTMwLCJ1cmwiOiJodHRwczpcL1wvdGdydXBjYW0uY29tXC93cC1jb250ZW50XC91cGxvYWRzXC8yMDI1XC8wMlwvZmluLWdsYXppbmctNDQ0eDQ2NS0xLnBuZyIsInNsaWRlc2hvdyI6ImM1OWFkNDUifQ%3D%3D\" href='https:\/\/tgrupcam.com\/wp-content\/uploads\/2025\/02\/fin-glazing-444x465-1.png'><img loading=\"lazy\" decoding=\"async\" width=\"150\" height=\"150\" src=\"https:\/\/tgrupcam.com\/wp-content\/uploads\/2025\/02\/fin-glazing-444x465-1-150x150.png\" class=\"attachment-thumbnail size-thumbnail\" alt=\"\" \/><\/a>\n\t\t\t<\/div><\/figure>\n\t\t<\/div>\n\t\t<\/div>\n\t\t\t\t\t\t<\/div>\n\t\t\t\t<\/div>\n\t\t\t\t<div class=\"elementor-element elementor-element-d07b9ba elementor-widget elementor-widget-text-editor\" data-id=\"d07b9ba\" data-element_type=\"widget\" data-e-type=\"widget\" data-widget_type=\"text-editor.default\">\n\t\t\t\t<div class=\"elementor-widget-container\">\n\t\t\t\t\t\t\t\t\t<p>Benzersiz tasar\u0131m esnekli\u011fiyle<\/strong>, <strong>yap\u0131sal camlama<\/strong> modern mimaride devrim yaratm\u0131\u015ft\u0131r. <strong>T Grup Cam<\/strong>&#8216;da, mimarlar\u0131n ve cephe tasar\u0131mc\u0131lar\u0131n\u0131n <strong>geli\u015fmi\u015f yap\u0131sal camlama \u00e7\u00f6z\u00fcmleri<\/strong> arac\u0131l\u0131\u011f\u0131yla <strong>kusursuz, monolitik bir cam yap\u0131<\/strong> vizyonlar\u0131na ula\u015fmalar\u0131n\u0131 sa\u011fl\u0131yoruz. <strong>Yap\u0131sal ba\u011flama teknikleri<\/strong> veya <strong>c\u0131vata sabitleme sistemleri<\/strong> kullan\u0131ls\u0131n, <strong>esteti\u011fi y\u00fcksek performansla<\/strong> birle\u015ftiren son teknoloji cam \u00e7\u00f6z\u00fcmleri sunuyoruz.<\/p>\n<p>Yap\u0131sal camlama, in\u015faat y\u00f6ntemlerine g\u00f6re <strong>d\u00f6rt ana t\u00fcre<\/strong> s\u0131n\u0131fland\u0131r\u0131labilir ve her biri farkl\u0131 mimari uygulamalar i\u00e7in <strong>farkl\u0131 avantajlar<\/strong> sunar. Uzmanl\u0131\u011f\u0131m\u0131z, her projenin <strong>optimum dayan\u0131kl\u0131l\u0131k, enerji verimlili\u011fi ve \u00e7a\u011fda\u015f tasar\u0131mdan<\/strong> yararlanmas\u0131n\u0131 sa\u011flar.<\/p>\n\t\t\t\t\t\t\t\t<\/div>\n\t\t\t\t<\/div>\n\t\t\t\t\t<\/div>\n\t\t\t\t<\/div>\n\t\t<div class=\"elementor-element elementor-element-c03ee2c e-flex e-con-boxed e-con e-parent\" data-id=\"c03ee2c\" data-element_type=\"container\" data-e-type=\"container\">\n\t\t\t\t\t<div class=\"e-con-inner\">\n\t\t\t\t<div class=\"elementor-element elementor-element-3c0c6dc elementor-widget elementor-widget-heading\" data-id=\"3c0c6dc\" data-element_type=\"widget\" data-e-type=\"widget\" data-widget_type=\"heading.default\">\n\t\t\t\t<div class=\"elementor-widget-container\">\n\t\t\t\t\t<h2 class=\"elementor-heading-title elementor-size-default\">Camda Hassasiyet, Hizmette M\u00fckemmellik.<\/h2>\t\t\t\t<\/div>\n\t\t\t\t<\/div>\n\t\t\t\t\t<\/div>\n\t\t\t\t<\/div>\n\t\t<div class=\"elementor-element elementor-element-bcc7cf5 e-flex e-con-boxed e-con e-parent\" data-id=\"bcc7cf5\" data-element_type=\"container\" data-e-type=\"container\">\n\t\t\t\t\t<div class=\"e-con-inner\">\n\t\t<div class=\"elementor-element elementor-element-2ed2d7f e-con-full e-flex e-con e-child\" data-id=\"2ed2d7f\" data-element_type=\"container\" data-e-type=\"container\">\n\t\t\t\t<div class=\"elementor-element elementor-element-6cd3138 elementor-position-top elementor-widget elementor-widget-image-box\" data-id=\"6cd3138\" data-element_type=\"widget\" data-e-type=\"widget\" data-widget_type=\"image-box.default\">\n\t\t\t\t<div class=\"elementor-widget-container\">\n\t\t\t\t\t<div class=\"elementor-image-box-wrapper\"><figure class=\"elementor-image-box-img\"><a href=\"https:\/\/tgrupcam.com\/index.php\/yat-cami\/?lang=tr\" tabindex=\"-1\"><img decoding=\"async\" src=\"https:\/\/tgrupcam.com\/wp-content\/uploads\/elementor\/thumbs\/luxury-big-yacht-stay-sea-around-island-background-sky-Large-r6gzimar3q5y9jg3027i741j0wzxz9mpldliwfa65o.jpg\" title=\"Luxury big yacht stay in the sea around the island on a background of the sky\" alt=\"Luxury big yacht stay in the sea around the island on a background of the sky\" loading=\"lazy\" \/><\/a><\/figure><div class=\"elementor-image-box-content\"><h3 class=\"elementor-image-box-title\"><a href=\"https:\/\/tgrupcam.com\/index.php\/yat-cami\/?lang=tr\">Yat Cam\u0131<\/a><\/h3><p class=\"elementor-image-box-description\">Bilgi i\u00e7in t\u0131klay\u0131n\u0131z.<\/p><\/div><\/div>\t\t\t\t<\/div>\n\t\t\t\t<\/div>\n\t\t\t\t<\/div>\n\t\t<div class=\"elementor-element elementor-element-d8b85a2 e-con-full e-flex e-con e-child\" data-id=\"d8b85a2\" data-element_type=\"container\" data-e-type=\"container\">\n\t\t\t\t<div class=\"elementor-element elementor-element-e7046fe elementor-position-top elementor-widget elementor-widget-image-box\" data-id=\"e7046fe\" data-element_type=\"widget\" data-e-type=\"widget\" data-widget_type=\"image-box.default\">\n\t\t\t\t<div class=\"elementor-widget-container\">\n\t\t\t\t\t<div class=\"elementor-image-box-wrapper\"><figure class=\"elementor-image-box-img\"><a href=\"https:\/\/tgrupcam.com\/index.php\/kursun-gecirmez-cam\/?lang=tr\" tabindex=\"-1\"><img decoding=\"async\" src=\"https:\/\/tgrupcam.com\/wp-content\/uploads\/elementor\/thumbs\/IMG-20250610-WA0007-r73i7w8l4ulw3q7dhk2j8b555ahjlt5jj2yywtzdm4.jpg\" title=\"IMG-20250610-WA0007\" alt=\"IMG-20250610-WA0007\" loading=\"lazy\" \/><\/a><\/figure><div class=\"elementor-image-box-content\"><h3 class=\"elementor-image-box-title\"><a href=\"https:\/\/tgrupcam.com\/index.php\/kursun-gecirmez-cam\/?lang=tr\">Otomotiv \u0130\u00e7in Kur\u015fun Ge\u00e7irmez Cam<\/a><\/h3><p class=\"elementor-image-box-description\">Bilgi i\u00e7in t\u0131klay\u0131n\u0131z.<\/p><\/div><\/div>\t\t\t\t<\/div>\n\t\t\t\t<\/div>\n\t\t\t\t<\/div>\n\t\t<div class=\"elementor-element elementor-element-c79693d e-con-full e-flex e-con e-child\" data-id=\"c79693d\" data-element_type=\"container\" data-e-type=\"container\">\n\t\t\t\t<div class=\"elementor-element elementor-element-1840bbf elementor-position-top elementor-widget elementor-widget-image-box\" data-id=\"1840bbf\" data-element_type=\"widget\" data-e-type=\"widget\" data-widget_type=\"image-box.default\">\n\t\t\t\t<div class=\"elementor-widget-container\">\n\t\t\t\t\t<div class=\"elementor-image-box-wrapper\"><figure class=\"elementor-image-box-img\"><a href=\"https:\/\/tgrupcam.com\/index.php\/korkuluk-cami-korkuluk\/?lang=tr\" tabindex=\"-1\"><img decoding=\"async\" src=\"https:\/\/tgrupcam.com\/wp-content\/uploads\/elementor\/thumbs\/interior-design-modern-building-Large-r6gzm2dg5uvsu2fuvju9c8qdfs0e7bba2fpm8y67cc.jpg\" title=\"Interior design of modern building\" alt=\"Modern interior design of office building. Empty lobby of condominium building. Two-level house design concept\" loading=\"lazy\" \/><\/a><\/figure><div class=\"elementor-image-box-content\"><h3 class=\"elementor-image-box-title\"><a href=\"https:\/\/tgrupcam.com\/index.php\/korkuluk-cami-korkuluk\/?lang=tr\">Korkuluk Cam\u0131 - Korkuluk<\/a><\/h3><p class=\"elementor-image-box-description\">Bilgi i\u00e7in t\u0131klay\u0131n\u0131z.<\/p><\/div><\/div>\t\t\t\t<\/div>\n\t\t\t\t<\/div>\n\t\t\t\t<\/div>\n\t\t\t\t\t<\/div>\n\t\t\t\t<\/div>\n\t\t<div class=\"elementor-element elementor-element-fe549b6 e-flex e-con-boxed e-con e-parent\" data-id=\"fe549b6\" data-element_type=\"container\" data-e-type=\"container\" data-settings=\"{&quot;background_background&quot;:&quot;classic&quot;}\">\n\t\t\t\t\t<div class=\"e-con-inner\">\n\t\t<div class=\"elementor-element elementor-element-619d480 e-con-full e-flex e-con e-child\" data-id=\"619d480\" data-element_type=\"container\" data-e-type=\"container\">\n\t\t\t\t<div class=\"elementor-element elementor-element-79f3ad2 elementor-widget elementor-widget-heading\" data-id=\"79f3ad2\" data-element_type=\"widget\" data-e-type=\"widget\" data-widget_type=\"heading.default\">\n\t\t\t\t<div class=\"elementor-widget-container\">\n\t\t\t\t\t<h2 class=\"elementor-heading-title elementor-size-default\">G\u00fcvenilir Cam, D\u00fcnya \u00c7ap\u0131nda Teslimat.<\/h2>\t\t\t\t<\/div>\n\t\t\t\t<\/div>\n\t\t\t\t<div class=\"elementor-element elementor-element-d6c5657 elementor-widget elementor-widget-text-editor\" data-id=\"d6c5657\" data-element_type=\"widget\" data-e-type=\"widget\" data-widget_type=\"text-editor.default\">\n\t\t\t\t<div class=\"elementor-widget-container\">\n\t\t\t\t\t\t\t\t\t<p data-start=\"0\" data-end=\"310\">T Grup Cam olarak, y\u00fcksek kaliteli cam \u00e7\u00f6z\u00fcmlerimizi Avrupa, Kuzey Amerika, Orta Do\u011fu ve Afrika&#8217;da 25&#8217;ten fazla \u00fclkeye gururla ihra\u00e7 ediyoruz. Hassasiyet, g\u00fcvenilirlik ve m\u00fc\u015fteri odakl\u0131 hizmete olan ba\u011fl\u0131l\u0131\u011f\u0131m\u0131z bizi \u015fu \u00fclkelerde g\u00fcvenilir bir ortak haline getirmi\u015ftir:<\/p>\n<p data-start=\"312\" data-end=\"692\">\ud83c\uddfa\ud83c\uddf8 Amerika Birle\u015fik Devletleri\u2003\u2003\ud83c\udde8\ud83c\udde6 Kanada\u2003\u2003\ud83c\udde9\ud83c\uddea Almanya\u2003\u2003\ud83c\uddf3\ud83c\uddf1 Hollanda\u2003\u2003\ud83c\udde7\ud83c\uddea Bel\u00e7ika<br data-start=\"389\" data-end=\"392\" \/>\ud83c\udde7\ud83c\uddec Bulgaristan\u2003\u2003\ud83c\uddf7\ud83c\uddf4 Romanya\u2003\u2003\ud83c\udded\ud83c\uddfa Macaristan\u2003\u2003\ud83c\udde7\ud83c\udde6 Bosna-Hersek\u2003\u2003\ud83c\uddee\ud83c\uddf1 \u0130srail<br data-start=\"475\" data-end=\"478\" data-is-only-node=\"\" \/>\ud83c\uddf3\ud83c\uddf4 Norve\u00e7\u2003\u2003\ud83c\uddee\ud83c\uddf9 \u0130talya\u2003\u2003\ud83c\uddeb\ud83c\uddf7 Fransa\u2003\u2003\ud83c\uddec\ud83c\uddf7 Yunanistan\u2003\u2003\ud83c\uddf7\ud83c\uddfa Rusya<br data-start=\"540\" data-end=\"543\" \/>\ud83c\uddf1\ud83c\uddfe Libya\u2003\u2003\ud83c\uddf8\ud83c\uddf3 Senegal\u2003\u2003\ud83c\udde8\ud83c\udde9 Kongo Demokratik Cumhuriyeti\u2003\u2003\ud83c\udde6\ud83c\uddea Dubai (BAE)<br data-start=\"620\" data-end=\"623\" \/>\ud83c\uddec\ud83c\uddea G\u00fcrcistan\u2003\u2003\ud83c\uddfd\ud83c\uddf0 Kosova\u2003\u2003\ud83c\udded\ud83c\uddf7 H\u0131rvatistan\u2003\u2003\ud83c\uddf1\ud83c\uddfa L\u00fcksemburg\u2003\u2003\ud83c\uddf7\ud83c\uddf8 S\u0131rbistan<\/p>\n<p data-start=\"694\" data-end=\"915\" data-is-last-node=\"\" data-is-only-node=\"\">Mimari cephelerden geli\u015fmi\u015f end\u00fcstriyel cam uygulamalar\u0131na kadar, d\u00fcnyan\u0131n neresinde olursan\u0131z olun uluslararas\u0131 standartlar\u0131 kar\u015f\u0131layan ve beklentileri a\u015fan, \u00f6zel, dayan\u0131kl\u0131 ve yenilik\u00e7i camlama \u00e7\u00f6z\u00fcmleri sunuyoruz.<\/p>\n\t\t\t\t\t\t\t\t<\/div>\n\t\t\t\t<\/div>\n\t\t\t\t<\/div>\n\t\t\t\t\t<\/div>\n\t\t\t\t<\/div>\n\t\t<div class=\"elementor-element elementor-element-78da821 e-flex e-con-boxed e-con e-parent\" data-id=\"78da821\" data-element_type=\"container\" data-e-type=\"container\" data-settings=\"{&quot;background_background&quot;:&quot;classic&quot;,&quot;background_motion_fx_motion_fx_scrolling&quot;:&quot;yes&quot;,&quot;background_motion_fx_translateY_effect&quot;:&quot;yes&quot;,&quot;background_motion_fx_translateY_speed&quot;:{&quot;unit&quot;:&quot;px&quot;,&quot;size&quot;:4,&quot;sizes&quot;:[]},&quot;background_motion_fx_translateY_affectedRange&quot;:{&quot;unit&quot;:&quot;%&quot;,&quot;size&quot;:&quot;&quot;,&quot;sizes&quot;:{&quot;start&quot;:0,&quot;end&quot;:100}},&quot;background_motion_fx_devices&quot;:[&quot;desktop&quot;,&quot;tablet&quot;,&quot;mobile&quot;]}\">\n\t\t\t\t\t<div class=\"e-con-inner\">\n\t\t\t\t<div class=\"elementor-element elementor-element-cb48ca9 elementor-widget elementor-widget-heading\" data-id=\"cb48ca9\" data-element_type=\"widget\" data-e-type=\"widget\" data-widget_type=\"heading.default\">\n\t\t\t\t<div class=\"elementor-widget-container\">\n\t\t\t\t\t<h2 class=\"elementor-heading-title elementor-size-default\">\u00c7evreye olan olumsuz etkiyi s\u0131n\u0131rlamak i\u00e7in \u00fcretim s\u00fcre\u00e7lerimizi s\u00fcrekli olarak de\u011fi\u015ftiriyor ve al\u0131\u015fkanl\u0131klar\u0131m\u0131z\u0131 g\u00fcncelliyoruz.<\/h2>\t\t\t\t<\/div>\n\t\t\t\t<\/div>\n\t\t\t\t<div class=\"elementor-element elementor-element-294fab3 elementor-widget elementor-widget-text-editor\" data-id=\"294fab3\" data-element_type=\"widget\" data-e-type=\"widget\" data-widget_type=\"text-editor.default\">\n\t\t\t\t<div class=\"elementor-widget-container\">\n\t\t\t\t\t\t\t\t\t<p>De\u011fi\u015fiklikleri kolayla\u015ft\u0131rmak i\u00e7in, \u00e7evre koruma konusunda d\u00fcnya \u00e7ap\u0131nda kabul g\u00f6rm\u00fc\u015f y\u00f6netim sistemi olan ISO 14001&#8217;i benimsemi\u015f bulunmaktay\u0131z.<\/p>\n\t\t\t\t\t\t\t\t<\/div>\n\t\t\t\t<\/div>\n\t\t\t\t<div class=\"elementor-element elementor-element-daa5667 elementor-align-center elementor-widget elementor-widget-button\" data-id=\"daa5667\" data-element_type=\"widget\" data-e-type=\"widget\" data-widget_type=\"button.default\">\n\t\t\t\t<div class=\"elementor-widget-container\">\n\t\t\t\t\t\t\t\t\t<div class=\"elementor-button-wrapper\">\n\t\t\t\t\t<a class=\"elementor-button elementor-button-link elementor-size-sm\" href=\"https:\/\/tgrupcam.com\/index.php\/iletisim\/?lang=tr\">\n\t\t\t\t\t\t<span class=\"elementor-button-content-wrapper\">\n\t\t\t\t\t\t\t\t\t<span class=\"elementor-button-text\">Bize Ula\u015f\u0131n<\/span>\n\t\t\t\t\t<\/span>\n\t\t\t\t\t<\/a>\n\t\t\t\t<\/div>\n\t\t\t\t\t\t\t\t<\/div>\n\t\t\t\t<\/div>\n\t\t\t\t\t<\/div>\n\t\t\t\t<\/div>\n\t\t\t\t<\/div>\n\t\t","protected":false},"excerpt":{"rendered":"<p>Camda Hassasiyet, Hizmette M\u00fckemmeliyet. Caml\u0131 \u00dcniteler Akustik Caml\u0131 \u00dcniteler &#8211; Kur\u015funge\u00e7irmez Cam &#8211; Alev Dayan\u0131kl\u0131 Cam &#8211; S\u0131cak Kenarl\u0131 Caml\u0131 \u00dcniteler &#8211; D\u00fc\u015f\u00fck Emisyonlu Cam &#8211; S\u00fcslemeli Cam &#8211; G\u00fcvenlik ve Emniyet Cam\u0131 &#8211; G\u00fcne\u015f Kontrol Cam\u0131 &#8211; Pencere B\u00f6l\u00fcc\u00fcler \u00d6zel Cam Toughened Glass &#8211; Sertle\u015ftirilmi\u015f CamBird Friendly Glass &#8211; Ku\u015f Dostu CamDigital Print &#8211; [&hellip;]<\/p>\n","protected":false},"author":1,"featured_media":0,"parent":0,"menu_order":0,"comment_status":"closed","ping_status":"closed","template":"elementor_header_footer","meta":{"footnotes":""},"class_list":["post-2834","page","type-page","status-publish","hentry"],"_links":{"self":[{"href":"https:\/\/tgrupcam.com\/index.php\/wp-json\/wp\/v2\/pages\/2834","targetHints":{"allow":["GET"]}}],"collection":[{"href":"https:\/\/tgrupcam.com\/index.php\/wp-json\/wp\/v2\/pages"}],"about":[{"href":"https:\/\/tgrupcam.com\/index.php\/wp-json\/wp\/v2\/types\/page"}],"author":[{"embeddable":true,"href":"https:\/\/tgrupcam.com\/index.php\/wp-json\/wp\/v2\/users\/1"}],"replies":[{"embeddable":true,"href":"https:\/\/tgrupcam.com\/index.php\/wp-json\/wp\/v2\/comments?post=2834"}],"version-history":[{"count":0,"href":"https:\/\/tgrupcam.com\/index.php\/wp-json\/wp\/v2\/pages\/2834\/revisions"}],"wp:attachment":[{"href":"https:\/\/tgrupcam.com\/index.php\/wp-json\/wp\/v2\/media?parent=2834"}],"curies":[{"name":"wp","href":"https:\/\/api.w.org\/{rel}","templated":true}]}}