{"id":2862,"date":"2025-02-05T11:54:43","date_gmt":"2025-02-05T08:54:43","guid":{"rendered":"https:\/\/tgrupcam.com\/index.php\/pazar-teklifi\/ozel-cam\/kavisli-tavlanmis-cam\/"},"modified":"2025-06-03T18:38:27","modified_gmt":"2025-06-03T15:38:27","slug":"kavisli-tavlanmis-cam","status":"publish","type":"page","link":"https:\/\/tgrupcam.com\/index.php\/pazar-teklifi\/ozel-cam\/kavisli-tavlanmis-cam\/?lang=tr","title":{"rendered":"Kavisli Tavlanm\u0131\u015f Cam"},"content":{"rendered":"\t\t<div data-elementor-type=\"wp-page\" data-elementor-id=\"2862\" class=\"elementor elementor-2862 elementor-41\" data-elementor-post-type=\"page\">\n\t\t\t\t<div class=\"elementor-element elementor-element-3771a438 e-con-full e-flex e-con e-parent\" data-id=\"3771a438\" data-element_type=\"container\" data-e-type=\"container\" data-settings=\"{&quot;background_background&quot;:&quot;classic&quot;,&quot;shape_divider_bottom&quot;:&quot;opacity-fan&quot;}\">\n\t\t\t\t<div class=\"elementor-shape elementor-shape-bottom\" aria-hidden=\"true\" data-negative=\"false\">\n\t\t\t<svg xmlns=\"http:\/\/www.w3.org\/2000\/svg\" viewBox=\"0 0 283.5 19.6\" preserveAspectRatio=\"none\">\n\t<path class=\"elementor-shape-fill\" style=\"opacity:0.33\" d=\"M0 0L0 18.8 141.8 4.1 283.5 18.8 283.5 0z\"\/>\n\t<path class=\"elementor-shape-fill\" style=\"opacity:0.33\" d=\"M0 0L0 12.6 141.8 4 283.5 12.6 283.5 0z\"\/>\n\t<path class=\"elementor-shape-fill\" style=\"opacity:0.33\" d=\"M0 0L0 6.4 141.8 4 283.5 6.4 283.5 0z\"\/>\n\t<path class=\"elementor-shape-fill\" d=\"M0 0L0 1.2 141.8 4 283.5 1.2 283.5 0z\"\/>\n<\/svg>\t\t<\/div>\n\t\t\t\t<div class=\"elementor-element elementor-element-71c3327d elementor-widget elementor-widget-heading\" data-id=\"71c3327d\" data-element_type=\"widget\" data-e-type=\"widget\" data-widget_type=\"heading.default\">\n\t\t\t\t<div class=\"elementor-widget-container\">\n\t\t\t\t\t<h2 class=\"elementor-heading-title elementor-size-default\">Kavisli Tavlanm\u0131\u015f Cam<\/h2>\t\t\t\t<\/div>\n\t\t\t\t<\/div>\n\t\t\t\t<\/div>\n\t\t<div class=\"elementor-element elementor-element-3337ffb7 e-flex e-con-boxed e-con e-parent\" data-id=\"3337ffb7\" data-element_type=\"container\" data-e-type=\"container\">\n\t\t\t\t\t<div class=\"e-con-inner\">\n\t\t\t\t<div class=\"elementor-element elementor-element-17e93e6 elementor-widget elementor-widget-heading\" data-id=\"17e93e6\" data-element_type=\"widget\" data-e-type=\"widget\" data-widget_type=\"heading.default\">\n\t\t\t\t<div class=\"elementor-widget-container\">\n\t\t\t\t\t<h2 class=\"elementor-heading-title elementor-size-default\">Kavisli Tavlanm\u0131\u015f Cam Hakk\u0131nda<\/h2>\t\t\t\t<\/div>\n\t\t\t\t<\/div>\n\t\t\t\t<div class=\"elementor-element elementor-element-3a00caea elementor-widget elementor-widget-text-editor\" data-id=\"3a00caea\" data-element_type=\"widget\" data-e-type=\"widget\" data-widget_type=\"text-editor.default\">\n\t\t\t\t<div class=\"elementor-widget-container\">\n\t\t\t\t\t\t\t\t\t<p data-start=\"33\" data-end=\"489\"><strong data-start=\"36\" data-end=\"50\">T Grup Cam<\/strong>&#8216;da, <strong data-start=\"56\" data-end=\"81\">Kavisli Tavl\u0131 Cam<\/strong>\u0131m\u0131z, <strong data-start=\"89\" data-end=\"144\">son teknoloji kavisli ve boyutlu cam \u00e7\u00f6z\u00fcmleri<\/strong> sunarak <strong data-start=\"156\" data-end=\"189\" data-is-only-node=\"\">esteti\u011fi i\u015flevsellikle<\/strong> bir araya getirerek <strong data-start=\"194\" data-end=\"242\">modern mimari ve tasar\u0131m uygulamalar\u0131<\/strong> sunmaktad\u0131r. <strong data-start=\"262\" data-end=\"305\">Geli\u015fmi\u015f b\u00fckme ve \u015fekillendirme teknolojisi<\/strong> ile \u00fcretilen <strong data-start=\"311\" data-end=\"336\">Kavisli Tavlanm\u0131\u015f Cam<\/strong>\u0131m\u0131z, <strong data-start=\"346\" data-end=\"391\">kavisli y\u00fczeylere kusursuz entegrasyon<\/strong> sa\u011flayarak <strong data-start=\"405\" data-end=\"448\">optik netli\u011fi ve yap\u0131sal dayan\u0131kl\u0131l\u0131\u011f\u0131<\/strong> korurken <strong data-start=\"464\" data-end=\"486\">tasar\u0131m esnekli\u011fi<\/strong> sunar.<\/p>\n<p data-start=\"491\" data-end=\"510\"><strong data-start=\"495\" data-end=\"508\">Avantajlar:<\/strong><\/p>\n<p data-start=\"512\" data-end=\"1051\">\u2705 <strong data-start=\"514\" data-end=\"545\">Yenilik\u00e7i Estetik G\u00f6r\u00fcn\u00fcm<\/strong> \u2013 Kavisli ve \u015fekilli camla <strong data-start=\"556\" data-end=\"590\">dinamik ve f\u00fct\u00fcristik tasar\u0131mlar<\/strong> yarat\u0131r.<br data-start=\"620\" data-end=\"623\" \/>\u2705 <strong data-start=\"625\" data-end=\"644\" data-is-only-node=\"\">Y\u00fcksek Dayan\u0131kl\u0131l\u0131k<\/strong> \u2013 <strong data-start=\"665\" data-end=\"678\">hassasiyetle<\/strong> \u00fcretilmi\u015ftir ve <strong data-start=\"689\" data-end=\"715\">sa\u011flaml\u0131k ve uzun \u00f6m\u00fcr<\/strong> sa\u011flar.<br data-start=\"716\" data-end=\"719\" \/>\u2705 <strong data-start=\"721\" data-end=\"752\">\u00d6zelle\u015ftirilebilir \u015eekiller ve Boyutlar<\/strong> \u2013 Proje gereksinimlerine uymas\u0131 i\u00e7in <strong data-start=\"768\" data-end=\"810\">\u00e7e\u015fitli e\u011frilerde, k\u0131vr\u0131mlarda ve kal\u0131nl\u0131klarda<\/strong> mevcuttur.<br data-start=\"841\" data-end=\"844\" \/>\u2705 <strong data-start=\"846\" data-end=\"870\">Kusursuz Entegrasyon<\/strong> \u2013 <strong data-start=\"883\" data-end=\"935\">Modern cepheler, otomotiv ve i\u00e7 tasar\u0131mlar<\/strong> i\u00e7in idealdir.<br data-start=\"936\" data-end=\"939\" \/>\u2705 <strong data-start=\"941\" data-end=\"962\">Enerji Verimlili\u011fi<\/strong> \u2013 \u0130yile\u015ftirilmi\u015f yal\u0131t\u0131m i\u00e7in <strong data-start=\"981\" data-end=\"1024\">d\u00fc\u015f\u00fck emisyonlu ve g\u00fcne\u015f kontrol kaplamalar\u0131yla<\/strong> uyumludur.<\/p>\n<p data-start=\"1053\" data-end=\"1076\"><strong data-start=\"1057\" data-end=\"1074\">Uygulamalar:<\/strong><\/p>\n<ul data-start=\"1078\" data-end=\"1287\">\n<li data-start=\"1078\" data-end=\"1119\"><strong data-start=\"1080\" data-end=\"1117\">Mimari Cepheler ve Tavan Pencereleri<\/strong><\/li>\n<li data-start=\"1120\" data-end=\"1163\"><strong data-start=\"1122\" data-end=\"1161\">L\u00fcks \u0130\u00e7 Tasar\u0131m ve B\u00f6lmeler<\/strong><\/li>\n<li data-start=\"1164\" data-end=\"1200\"><strong data-start=\"1166\" data-end=\"1198\">Perakende ve Sergileme Ekranlar\u0131<\/strong><\/li>\n<li data-start=\"1201\" data-end=\"1242\"><strong data-start=\"1203\" data-end=\"1240\">Otomotiv ve Ula\u015f\u0131m Cam\u0131<\/strong><\/li>\n<li data-start=\"1243\" data-end=\"1287\"><strong data-start=\"1245\" data-end=\"1285\">Mobilya ve Dekoratif Kurulumlar<\/strong><\/li>\n<\/ul>\n<p data-start=\"1289\" data-end=\"1442\"><strong data-start=\"1293\" data-end=\"1318\">Kavisli Tavlanm\u0131\u015f Cam\u0131m\u0131z<\/strong>, \u00e7a\u011fda\u015f <strong data-start=\"1340\" data-end=\"1386\">mimari ve tasar\u0131m projelerine<\/strong> <strong data-start=\"1403\" data-end=\"1439\">zarafet, benzersizlik ve y\u00fcksek performans<\/strong> getirmek i\u00e7in tasarlanm\u0131\u015ft\u0131r.<\/p>\n\t\t\t\t\t\t\t\t<\/div>\n\t\t\t\t<\/div>\n\t\t\t\t\t<\/div>\n\t\t\t\t<\/div>\n\t\t<div class=\"elementor-element elementor-element-f2c7e85 e-flex e-con-boxed e-con e-parent\" data-id=\"f2c7e85\" data-element_type=\"container\" data-e-type=\"container\" data-settings=\"{&quot;background_background&quot;:&quot;classic&quot;}\">\n\t\t\t\t\t<div class=\"e-con-inner\">\n\t\t\t\t<div class=\"elementor-element elementor-element-52978e7 elementor-widget elementor-widget-heading\" data-id=\"52978e7\" data-element_type=\"widget\" data-e-type=\"widget\" data-widget_type=\"heading.default\">\n\t\t\t\t<div class=\"elementor-widget-container\">\n\t\t\t\t\t<h2 class=\"elementor-heading-title elementor-size-default\">MAKS\u0130MUM BOYUT 3210x8000<\/h2>\t\t\t\t<\/div>\n\t\t\t\t<\/div>\n\t\t\t\t<div class=\"elementor-element elementor-element-0f1f503 elementor-widget elementor-widget-heading\" data-id=\"0f1f503\" data-element_type=\"widget\" data-e-type=\"widget\" data-widget_type=\"heading.default\">\n\t\t\t\t<div class=\"elementor-widget-container\">\n\t\t\t\t\t<h2 class=\"elementor-heading-title elementor-size-default\">MAKS\u0130MUM DER\u0130NL\u0130K 2100<\/h2>\t\t\t\t<\/div>\n\t\t\t\t<\/div>\n\t\t\t\t\t<\/div>\n\t\t\t\t<\/div>\n\t\t<div class=\"elementor-element elementor-element-9ef089a e-flex e-con-boxed e-con e-parent\" data-id=\"9ef089a\" data-element_type=\"container\" data-e-type=\"container\">\n\t\t\t\t\t<div class=\"e-con-inner\">\n\t\t<div class=\"elementor-element elementor-element-5d9c345 e-con-full e-flex e-con e-child\" data-id=\"5d9c345\" data-element_type=\"container\" data-e-type=\"container\">\n\t\t\t\t<div class=\"elementor-element elementor-element-5f80533 elementor-widget elementor-widget-image\" data-id=\"5f80533\" data-element_type=\"widget\" data-e-type=\"widget\" data-widget_type=\"image.default\">\n\t\t\t\t<div class=\"elementor-widget-container\">\n\t\t\t\t\t\t\t\t\t\t\t\t\t\t\t<img fetchpriority=\"high\" decoding=\"async\" width=\"800\" height=\"800\" src=\"https:\/\/tgrupcam.com\/wp-content\/uploads\/2025\/04\/curved-1-1024x1024.jpg\" class=\"attachment-large size-large wp-image-1739\" alt=\"\" srcset=\"https:\/\/tgrupcam.com\/wp-content\/uploads\/2025\/04\/curved-1-1024x1024.jpg 1024w, https:\/\/tgrupcam.com\/wp-content\/uploads\/2025\/04\/curved-1-300x300.jpg 300w, https:\/\/tgrupcam.com\/wp-content\/uploads\/2025\/04\/curved-1-150x150.jpg 150w, https:\/\/tgrupcam.com\/wp-content\/uploads\/2025\/04\/curved-1-768x768.jpg 768w, https:\/\/tgrupcam.com\/wp-content\/uploads\/2025\/04\/curved-1-650x650.jpg 650w, https:\/\/tgrupcam.com\/wp-content\/uploads\/2025\/04\/curved-1.jpg 1080w\" sizes=\"(max-width: 800px) 100vw, 800px\" \/>\t\t\t\t\t\t\t\t\t\t\t\t\t\t\t<\/div>\n\t\t\t\t<\/div>\n\t\t\t\t<div class=\"elementor-element elementor-element-9be170b elementor-widget elementor-widget-heading\" data-id=\"9be170b\" data-element_type=\"widget\" data-e-type=\"widget\" data-widget_type=\"heading.default\">\n\t\t\t\t<div class=\"elementor-widget-container\">\n\t\t\t\t\t<h2 class=\"elementor-heading-title elementor-size-default\">DAHA \u0130Y\u0130 AKUST\u0130K YALITIM<\/h2>\t\t\t\t<\/div>\n\t\t\t\t<\/div>\n\t\t\t\t<\/div>\n\t\t<div class=\"elementor-element elementor-element-809d3a8 e-con-full e-flex e-con e-child\" data-id=\"809d3a8\" data-element_type=\"container\" data-e-type=\"container\">\n\t\t\t\t<div class=\"elementor-element elementor-element-f8defec elementor-widget elementor-widget-image\" data-id=\"f8defec\" data-element_type=\"widget\" data-e-type=\"widget\" data-widget_type=\"image.default\">\n\t\t\t\t<div class=\"elementor-widget-container\">\n\t\t\t\t\t\t\t\t\t\t\t\t\t\t\t<img decoding=\"async\" width=\"800\" height=\"800\" src=\"https:\/\/tgrupcam.com\/wp-content\/uploads\/2025\/04\/curved-2-1024x1024.jpg\" class=\"attachment-large size-large wp-image-1750\" alt=\"\" srcset=\"https:\/\/tgrupcam.com\/wp-content\/uploads\/2025\/04\/curved-2-1024x1024.jpg 1024w, https:\/\/tgrupcam.com\/wp-content\/uploads\/2025\/04\/curved-2-300x300.jpg 300w, https:\/\/tgrupcam.com\/wp-content\/uploads\/2025\/04\/curved-2-150x150.jpg 150w, https:\/\/tgrupcam.com\/wp-content\/uploads\/2025\/04\/curved-2-768x768.jpg 768w, https:\/\/tgrupcam.com\/wp-content\/uploads\/2025\/04\/curved-2-650x650.jpg 650w, https:\/\/tgrupcam.com\/wp-content\/uploads\/2025\/04\/curved-2.jpg 1080w\" sizes=\"(max-width: 800px) 100vw, 800px\" \/>\t\t\t\t\t\t\t\t\t\t\t\t\t\t\t<\/div>\n\t\t\t\t<\/div>\n\t\t\t\t<div class=\"elementor-element elementor-element-191c2b8 elementor-widget elementor-widget-heading\" data-id=\"191c2b8\" data-element_type=\"widget\" data-e-type=\"widget\" data-widget_type=\"heading.default\">\n\t\t\t\t<div class=\"elementor-widget-container\">\n\t\t\t\t\t<h2 class=\"elementor-heading-title elementor-size-default\">DAHA B\u00dcY\u00dcK Y\u00dcK D\u0130RENC\u0130<\/h2>\t\t\t\t<\/div>\n\t\t\t\t<\/div>\n\t\t\t\t<\/div>\n\t\t<div class=\"elementor-element elementor-element-b28c10a e-con-full e-flex e-con e-child\" data-id=\"b28c10a\" data-element_type=\"container\" data-e-type=\"container\">\n\t\t\t\t<div class=\"elementor-element elementor-element-07c05ac elementor-widget elementor-widget-image\" data-id=\"07c05ac\" data-element_type=\"widget\" data-e-type=\"widget\" data-widget_type=\"image.default\">\n\t\t\t\t<div class=\"elementor-widget-container\">\n\t\t\t\t\t\t\t\t\t\t\t\t\t\t\t<img decoding=\"async\" width=\"800\" height=\"800\" src=\"https:\/\/tgrupcam.com\/wp-content\/uploads\/2025\/04\/curved-3-1024x1024.jpg\" class=\"attachment-large size-large wp-image-1761\" alt=\"\" srcset=\"https:\/\/tgrupcam.com\/wp-content\/uploads\/2025\/04\/curved-3-1024x1024.jpg 1024w, https:\/\/tgrupcam.com\/wp-content\/uploads\/2025\/04\/curved-3-300x300.jpg 300w, https:\/\/tgrupcam.com\/wp-content\/uploads\/2025\/04\/curved-3-150x150.jpg 150w, https:\/\/tgrupcam.com\/wp-content\/uploads\/2025\/04\/curved-3-768x768.jpg 768w, https:\/\/tgrupcam.com\/wp-content\/uploads\/2025\/04\/curved-3-650x650.jpg 650w, https:\/\/tgrupcam.com\/wp-content\/uploads\/2025\/04\/curved-3.jpg 1080w\" sizes=\"(max-width: 800px) 100vw, 800px\" \/>\t\t\t\t\t\t\t\t\t\t\t\t\t\t\t<\/div>\n\t\t\t\t<\/div>\n\t\t\t\t<div class=\"elementor-element elementor-element-d72ec73 elementor-widget elementor-widget-heading\" data-id=\"d72ec73\" data-element_type=\"widget\" data-e-type=\"widget\" data-widget_type=\"heading.default\">\n\t\t\t\t<div class=\"elementor-widget-container\">\n\t\t\t\t\t<h2 class=\"elementor-heading-title elementor-size-default\">S\u00dcRD\u00dcR\u00dcLEB\u0130L\u0130R B\u0130NALAR \u0130\u00c7\u0130N GEL\u0130\u015eT\u0130R\u0130LM\u0130\u015e ISI YALITIMI<\/h2>\t\t\t\t<\/div>\n\t\t\t\t<\/div>\n\t\t\t\t<\/div>\n\t\t\t\t\t<\/div>\n\t\t\t\t<\/div>\n\t\t<div class=\"elementor-element elementor-element-36d38c1 e-flex e-con-boxed e-con e-parent\" data-id=\"36d38c1\" data-element_type=\"container\" data-e-type=\"container\">\n\t\t\t\t\t<div class=\"e-con-inner\">\n\t\t<div class=\"elementor-element elementor-element-409881d e-con-full e-flex e-con e-child\" data-id=\"409881d\" data-element_type=\"container\" data-e-type=\"container\">\n\t\t\t\t<div class=\"elementor-element elementor-element-0dae54f elementor-widget elementor-widget-image\" data-id=\"0dae54f\" data-element_type=\"widget\" data-e-type=\"widget\" data-widget_type=\"image.default\">\n\t\t\t\t<div class=\"elementor-widget-container\">\n\t\t\t\t\t\t\t\t\t\t\t\t\t\t\t<img loading=\"lazy\" decoding=\"async\" width=\"800\" height=\"800\" src=\"https:\/\/tgrupcam.com\/wp-content\/uploads\/2025\/04\/curved-4-1024x1024.jpg\" class=\"attachment-large size-large wp-image-1772\" alt=\"\" srcset=\"https:\/\/tgrupcam.com\/wp-content\/uploads\/2025\/04\/curved-4-1024x1024.jpg 1024w, https:\/\/tgrupcam.com\/wp-content\/uploads\/2025\/04\/curved-4-300x300.jpg 300w, https:\/\/tgrupcam.com\/wp-content\/uploads\/2025\/04\/curved-4-150x150.jpg 150w, https:\/\/tgrupcam.com\/wp-content\/uploads\/2025\/04\/curved-4-768x768.jpg 768w, https:\/\/tgrupcam.com\/wp-content\/uploads\/2025\/04\/curved-4-650x650.jpg 650w, https:\/\/tgrupcam.com\/wp-content\/uploads\/2025\/04\/curved-4.jpg 1080w\" sizes=\"(max-width: 800px) 100vw, 800px\" \/>\t\t\t\t\t\t\t\t\t\t\t\t\t\t\t<\/div>\n\t\t\t\t<\/div>\n\t\t\t\t<div class=\"elementor-element elementor-element-c0f4c73 elementor-widget elementor-widget-heading\" data-id=\"c0f4c73\" data-element_type=\"widget\" data-e-type=\"widget\" data-widget_type=\"heading.default\">\n\t\t\t\t<div class=\"elementor-widget-container\">\n\t\t\t\t\t<h2 class=\"elementor-heading-title elementor-size-default\">GEL\u0130\u015eT\u0130R\u0130LM\u0130\u015e G\u00dcVENL\u0130K<\/h2>\t\t\t\t<\/div>\n\t\t\t\t<\/div>\n\t\t\t\t<\/div>\n\t\t<div class=\"elementor-element elementor-element-ffe5bdd e-con-full e-flex e-con e-child\" data-id=\"ffe5bdd\" data-element_type=\"container\" data-e-type=\"container\">\n\t\t\t\t<div class=\"elementor-element elementor-element-8091477 elementor-widget elementor-widget-image\" data-id=\"8091477\" data-element_type=\"widget\" data-e-type=\"widget\" data-widget_type=\"image.default\">\n\t\t\t\t<div class=\"elementor-widget-container\">\n\t\t\t\t\t\t\t\t\t\t\t\t\t\t\t<img loading=\"lazy\" decoding=\"async\" width=\"800\" height=\"800\" src=\"https:\/\/tgrupcam.com\/wp-content\/uploads\/2025\/04\/curved-5-1024x1024.jpg\" class=\"attachment-large size-large wp-image-1783\" alt=\"\" srcset=\"https:\/\/tgrupcam.com\/wp-content\/uploads\/2025\/04\/curved-5-1024x1024.jpg 1024w, https:\/\/tgrupcam.com\/wp-content\/uploads\/2025\/04\/curved-5-300x300.jpg 300w, https:\/\/tgrupcam.com\/wp-content\/uploads\/2025\/04\/curved-5-150x150.jpg 150w, https:\/\/tgrupcam.com\/wp-content\/uploads\/2025\/04\/curved-5-768x768.jpg 768w, https:\/\/tgrupcam.com\/wp-content\/uploads\/2025\/04\/curved-5-650x650.jpg 650w, https:\/\/tgrupcam.com\/wp-content\/uploads\/2025\/04\/curved-5.jpg 1080w\" sizes=\"(max-width: 800px) 100vw, 800px\" \/>\t\t\t\t\t\t\t\t\t\t\t\t\t\t\t<\/div>\n\t\t\t\t<\/div>\n\t\t\t\t<div class=\"elementor-element elementor-element-85eebbf elementor-widget elementor-widget-heading\" data-id=\"85eebbf\" data-element_type=\"widget\" data-e-type=\"widget\" data-widget_type=\"heading.default\">\n\t\t\t\t<div class=\"elementor-widget-container\">\n\t\t\t\t\t<h2 class=\"elementor-heading-title elementor-size-default\">G\u00d6R\u00dcN\u00dcR B\u0130R \u0130N\u015eAAT YOK<\/h2>\t\t\t\t<\/div>\n\t\t\t\t<\/div>\n\t\t\t\t<\/div>\n\t\t<div class=\"elementor-element elementor-element-56c6f0a e-con-full e-flex e-con e-child\" data-id=\"56c6f0a\" data-element_type=\"container\" data-e-type=\"container\">\n\t\t\t\t<div class=\"elementor-element elementor-element-f7f3384 elementor-widget elementor-widget-image\" data-id=\"f7f3384\" data-element_type=\"widget\" data-e-type=\"widget\" data-widget_type=\"image.default\">\n\t\t\t\t<div class=\"elementor-widget-container\">\n\t\t\t\t\t\t\t\t\t\t\t\t\t\t\t<img loading=\"lazy\" decoding=\"async\" width=\"800\" height=\"800\" src=\"https:\/\/tgrupcam.com\/wp-content\/uploads\/2025\/04\/curved-6-1024x1024.jpg\" class=\"attachment-large size-large wp-image-1794\" alt=\"\" srcset=\"https:\/\/tgrupcam.com\/wp-content\/uploads\/2025\/04\/curved-6-1024x1024.jpg 1024w, https:\/\/tgrupcam.com\/wp-content\/uploads\/2025\/04\/curved-6-300x300.jpg 300w, https:\/\/tgrupcam.com\/wp-content\/uploads\/2025\/04\/curved-6-150x150.jpg 150w, https:\/\/tgrupcam.com\/wp-content\/uploads\/2025\/04\/curved-6-768x768.jpg 768w, https:\/\/tgrupcam.com\/wp-content\/uploads\/2025\/04\/curved-6-650x650.jpg 650w, https:\/\/tgrupcam.com\/wp-content\/uploads\/2025\/04\/curved-6.jpg 1080w\" sizes=\"(max-width: 800px) 100vw, 800px\" \/>\t\t\t\t\t\t\t\t\t\t\t\t\t\t\t<\/div>\n\t\t\t\t<\/div>\n\t\t\t\t<div class=\"elementor-element elementor-element-2b05f91 elementor-widget elementor-widget-heading\" data-id=\"2b05f91\" data-element_type=\"widget\" data-e-type=\"widget\" data-widget_type=\"heading.default\">\n\t\t\t\t<div class=\"elementor-widget-container\">\n\t\t\t\t\t<h2 class=\"elementor-heading-title elementor-size-default\">ESTET\u0130K G\u00d6R\u00dcN\u00dcM, G\u0130ZL\u0130L\u0130K VE \u0130Y\u0130 AYDINLATILMI\u015e ODALAR<\/h2>\t\t\t\t<\/div>\n\t\t\t\t<\/div>\n\t\t\t\t<\/div>\n\t\t\t\t\t<\/div>\n\t\t\t\t<\/div>\n\t\t<div class=\"elementor-element elementor-element-3d0d26ba e-flex e-con-boxed e-con e-parent\" data-id=\"3d0d26ba\" data-element_type=\"container\" data-e-type=\"container\" data-settings=\"{&quot;background_background&quot;:&quot;classic&quot;,&quot;background_motion_fx_motion_fx_scrolling&quot;:&quot;yes&quot;,&quot;background_motion_fx_translateY_effect&quot;:&quot;yes&quot;,&quot;background_motion_fx_translateY_speed&quot;:{&quot;unit&quot;:&quot;px&quot;,&quot;size&quot;:4,&quot;sizes&quot;:[]},&quot;background_motion_fx_translateY_affectedRange&quot;:{&quot;unit&quot;:&quot;%&quot;,&quot;size&quot;:&quot;&quot;,&quot;sizes&quot;:{&quot;start&quot;:0,&quot;end&quot;:100}},&quot;background_motion_fx_devices&quot;:[&quot;desktop&quot;,&quot;tablet&quot;,&quot;mobile&quot;]}\">\n\t\t\t\t\t<div class=\"e-con-inner\">\n\t\t\t\t\t<\/div>\n\t\t\t\t<\/div>\n\t\t<div class=\"elementor-element elementor-element-41682cdf e-flex e-con-boxed e-con e-parent\" data-id=\"41682cdf\" data-element_type=\"container\" data-e-type=\"container\" data-settings=\"{&quot;background_background&quot;:&quot;classic&quot;,&quot;background_motion_fx_motion_fx_scrolling&quot;:&quot;yes&quot;,&quot;background_motion_fx_translateY_effect&quot;:&quot;yes&quot;,&quot;background_motion_fx_translateY_speed&quot;:{&quot;unit&quot;:&quot;px&quot;,&quot;size&quot;:4,&quot;sizes&quot;:[]},&quot;background_motion_fx_translateY_affectedRange&quot;:{&quot;unit&quot;:&quot;%&quot;,&quot;size&quot;:&quot;&quot;,&quot;sizes&quot;:{&quot;start&quot;:0,&quot;end&quot;:100}},&quot;background_motion_fx_devices&quot;:[&quot;desktop&quot;,&quot;tablet&quot;,&quot;mobile&quot;]}\">\n\t\t\t\t\t<div class=\"e-con-inner\">\n\t\t\t\t<div class=\"elementor-element elementor-element-13d4eeb3 elementor-widget elementor-widget-heading\" data-id=\"13d4eeb3\" data-element_type=\"widget\" data-e-type=\"widget\" data-widget_type=\"heading.default\">\n\t\t\t\t<div class=\"elementor-widget-container\">\n\t\t\t\t\t<h2 class=\"elementor-heading-title elementor-size-default\">\u00c7evre \u00fczerindeki olumsuz etkiyi s\u0131n\u0131rlamak i\u00e7in \u00fcretim s\u00fcre\u00e7lerimizi s\u00fcrekli olarak g\u00fcncelliyor ve al\u0131\u015fkanl\u0131klar\u0131m\u0131z\u0131 de\u011fi\u015ftiriyoruz.<\/h2>\t\t\t\t<\/div>\n\t\t\t\t<\/div>\n\t\t\t\t<div class=\"elementor-element elementor-element-1a543eff elementor-widget elementor-widget-text-editor\" data-id=\"1a543eff\" data-element_type=\"widget\" data-e-type=\"widget\" data-widget_type=\"text-editor.default\">\n\t\t\t\t<div class=\"elementor-widget-container\">\n\t\t\t\t\t\t\t\t\t<p>De\u011fi\u015fimi kolayla\u015ft\u0131rmak amac\u0131yla, \u00e7evrenin korunmas\u0131na y\u00f6nelik d\u00fcnya \u00e7ap\u0131ndaki y\u00f6netim sistemi olan ISO 14001&#8217;i benimsedik.<\/p>\n\t\t\t\t\t\t\t\t<\/div>\n\t\t\t\t<\/div>\n\t\t\t\t<div class=\"elementor-element elementor-element-1d9dc4a2 elementor-align-center elementor-widget elementor-widget-button\" data-id=\"1d9dc4a2\" data-element_type=\"widget\" data-e-type=\"widget\" data-widget_type=\"button.default\">\n\t\t\t\t<div class=\"elementor-widget-container\">\n\t\t\t\t\t\t\t\t\t<div class=\"elementor-button-wrapper\">\n\t\t\t\t\t<a class=\"elementor-button elementor-button-link elementor-size-sm\" href=\"https:\/\/tgrupcam.com\/index.php\/iletisim\/?lang=tr\">\n\t\t\t\t\t\t<span class=\"elementor-button-content-wrapper\">\n\t\t\t\t\t\t\t\t\t<span class=\"elementor-button-text\">\u0130leti\u015fim<\/span>\n\t\t\t\t\t<\/span>\n\t\t\t\t\t<\/a>\n\t\t\t\t<\/div>\n\t\t\t\t\t\t\t\t<\/div>\n\t\t\t\t<\/div>\n\t\t\t\t\t<\/div>\n\t\t\t\t<\/div>\n\t\t\t\t<\/div>\n\t\t","protected":false},"excerpt":{"rendered":"<p>Kavisli Tavlanm\u0131\u015f Cam Kavisli Tavlanm\u0131\u015f Cam Hakk\u0131nda T Grup Cam&#8216;da, Kavisli Tavl\u0131 Cam\u0131m\u0131z, son teknoloji kavisli ve boyutlu cam \u00e7\u00f6z\u00fcmleri sunarak esteti\u011fi i\u015flevsellikle bir araya getirerek modern mimari ve tasar\u0131m uygulamalar\u0131 sunmaktad\u0131r. Geli\u015fmi\u015f b\u00fckme ve \u015fekillendirme teknolojisi ile \u00fcretilen Kavisli Tavlanm\u0131\u015f Cam\u0131m\u0131z, kavisli y\u00fczeylere kusursuz entegrasyon sa\u011flayarak optik netli\u011fi ve yap\u0131sal dayan\u0131kl\u0131l\u0131\u011f\u0131 korurken tasar\u0131m esnekli\u011fi [&hellip;]<\/p>\n","protected":false},"author":1,"featured_media":0,"parent":2831,"menu_order":0,"comment_status":"closed","ping_status":"closed","template":"elementor_header_footer","meta":{"footnotes":""},"class_list":["post-2862","page","type-page","status-publish","hentry"],"_links":{"self":[{"href":"https:\/\/tgrupcam.com\/index.php\/wp-json\/wp\/v2\/pages\/2862","targetHints":{"allow":["GET"]}}],"collection":[{"href":"https:\/\/tgrupcam.com\/index.php\/wp-json\/wp\/v2\/pages"}],"about":[{"href":"https:\/\/tgrupcam.com\/index.php\/wp-json\/wp\/v2\/types\/page"}],"author":[{"embeddable":true,"href":"https:\/\/tgrupcam.com\/index.php\/wp-json\/wp\/v2\/users\/1"}],"replies":[{"embeddable":true,"href":"https:\/\/tgrupcam.com\/index.php\/wp-json\/wp\/v2\/comments?post=2862"}],"version-history":[{"count":0,"href":"https:\/\/tgrupcam.com\/index.php\/wp-json\/wp\/v2\/pages\/2862\/revisions"}],"up":[{"embeddable":true,"href":"https:\/\/tgrupcam.com\/index.php\/wp-json\/wp\/v2\/pages\/2831"}],"wp:attachment":[{"href":"https:\/\/tgrupcam.com\/index.php\/wp-json\/wp\/v2\/media?parent=2862"}],"curies":[{"name":"wp","href":"https:\/\/api.w.org\/{rel}","templated":true}]}}