{"id":2873,"date":"2025-02-05T18:56:13","date_gmt":"2025-02-05T15:56:13","guid":{"rendered":"https:\/\/tgrupcam.com\/index.php\/sus-cami\/"},"modified":"2025-05-20T21:35:38","modified_gmt":"2025-05-20T18:35:38","slug":"sus-cami","status":"publish","type":"page","link":"https:\/\/tgrupcam.com\/index.php\/pazar-teklifi\/camli-uniteler\/sus-cami\/?lang=tr","title":{"rendered":"S\u00fcs cam\u0131"},"content":{"rendered":"\t\t<div data-elementor-type=\"wp-page\" data-elementor-id=\"2873\" class=\"elementor elementor-2873 elementor-156\" data-elementor-post-type=\"page\">\n\t\t\t\t<div class=\"elementor-element elementor-element-38900bd7 e-con-full e-flex e-con e-parent\" data-id=\"38900bd7\" data-element_type=\"container\" data-e-type=\"container\" data-settings=\"{&quot;background_background&quot;:&quot;classic&quot;,&quot;shape_divider_bottom&quot;:&quot;opacity-fan&quot;}\">\n\t\t\t\t<div class=\"elementor-shape elementor-shape-bottom\" aria-hidden=\"true\" data-negative=\"false\">\n\t\t\t<svg xmlns=\"http:\/\/www.w3.org\/2000\/svg\" viewBox=\"0 0 283.5 19.6\" preserveAspectRatio=\"none\">\n\t<path class=\"elementor-shape-fill\" style=\"opacity:0.33\" d=\"M0 0L0 18.8 141.8 4.1 283.5 18.8 283.5 0z\"\/>\n\t<path class=\"elementor-shape-fill\" style=\"opacity:0.33\" d=\"M0 0L0 12.6 141.8 4 283.5 12.6 283.5 0z\"\/>\n\t<path class=\"elementor-shape-fill\" style=\"opacity:0.33\" d=\"M0 0L0 6.4 141.8 4 283.5 6.4 283.5 0z\"\/>\n\t<path class=\"elementor-shape-fill\" d=\"M0 0L0 1.2 141.8 4 283.5 1.2 283.5 0z\"\/>\n<\/svg>\t\t<\/div>\n\t\t\t\t<div class=\"elementor-element elementor-element-543b96b2 elementor-widget elementor-widget-heading\" data-id=\"543b96b2\" data-element_type=\"widget\" data-e-type=\"widget\" data-widget_type=\"heading.default\">\n\t\t\t\t<div class=\"elementor-widget-container\">\n\t\t\t\t\t<h2 class=\"elementor-heading-title elementor-size-default\">S\u00dcSLEME CAMLARI<\/h2>\t\t\t\t<\/div>\n\t\t\t\t<\/div>\n\t\t\t\t<\/div>\n\t\t<div class=\"elementor-element elementor-element-12a16514 e-flex e-con-boxed e-con e-parent\" data-id=\"12a16514\" data-element_type=\"container\" data-e-type=\"container\">\n\t\t\t\t\t<div class=\"e-con-inner\">\n\t\t\t\t<div class=\"elementor-element elementor-element-3e16245f elementor-widget elementor-widget-heading\" data-id=\"3e16245f\" data-element_type=\"widget\" data-e-type=\"widget\" data-widget_type=\"heading.default\">\n\t\t\t\t<div class=\"elementor-widget-container\">\n\t\t\t\t\t<h2 class=\"elementor-heading-title elementor-size-default\">S\u00dcSLEME CAM HAKKINDA<\/h2>\t\t\t\t<\/div>\n\t\t\t\t<\/div>\n\t\t\t\t<div class=\"elementor-element elementor-element-3cda195a elementor-widget elementor-widget-text-editor\" data-id=\"3cda195a\" data-element_type=\"widget\" data-e-type=\"widget\" data-widget_type=\"text-editor.default\">\n\t\t\t\t<div class=\"elementor-widget-container\">\n\t\t\t\t\t\t\t\t\t<p><strong>T Grup Cam<\/strong>&#8216;da, <strong>S\u00fcs Cam\u0131m\u0131z<\/strong>, dayan\u0131kl\u0131l\u0131\u011f\u0131 ve g\u00fcc\u00fc korurken <strong>gizlilik, \u0131\u015f\u0131k yay\u0131l\u0131m\u0131 ve dekoratif \u00e7ekicilik<\/strong> sunarak <strong>esteti\u011fi i\u015flevsellikle<\/strong> birle\u015ftirir. <strong>\u0130\u00e7 ve d\u0131\u015f mekan uygulamalar\u0131<\/strong> i\u00e7in tasarlanan s\u00fcs cam\u0131 \u00e7\u00f6z\u00fcmlerimiz, \u00e7e\u015fitli <strong>dokular, desenler ve y\u00fczeyler<\/strong> halinde mevcuttur ve bu da onlar\u0131 <strong>modern mimari ve tasar\u0131m projeleri<\/strong> i\u00e7in m\u00fckemmel hale getirir.<\/p>\n<p><strong>Avantajlar:<\/strong><\/p>\n<p>\u2705 <strong>Zarif Estetik G\u00f6r\u00fcn\u00fcm<\/strong> \u2013 Benzersiz desenler ve dokularla i\u00e7 mekanlar\u0131 geli\u015ftirir.<br \/>\u2705 <strong>Gizlilik ve I\u015f\u0131k Yay\u0131l\u0131m\u0131<\/strong> \u2013 G\u00f6r\u00fcn\u00fcrl\u00fc\u011f\u00fc azalt\u0131rken do\u011fal \u0131\u015f\u0131\u011f\u0131 korur.<br \/>\u2705 <strong>\u00c7ok Y\u00f6nl\u00fc Uygulamalar<\/strong> \u2013 Pencereler, kap\u0131lar, b\u00f6lmeler ve dekoratif elemanlar i\u00e7in uygundur.<br \/>\u2705 <strong>Dayan\u0131kl\u0131l\u0131k ve G\u00fcvenlik<\/strong> \u2013 Ek dayan\u0131kl\u0131l\u0131k i\u00e7in <strong>sertle\u015ftirilmi\u015f veya lamine edilmi\u015f versiyonlarda<\/strong> mevcuttur.<br \/>\u2705 <strong>\u00d6zelle\u015ftirme Se\u00e7enekleri<\/strong> \u2013 Geni\u015f yelpazede tasar\u0131m, renk ve y\u00fczey i\u015flemleri.<\/p>\n<p><strong>Uygulamalar:<\/strong><\/p>\n<ul>\n<li><strong>\u0130\u00e7 B\u00f6lmeler ve Ofis B\u00f6l\u00fcc\u00fcler<\/strong><\/li>\n<li><strong>Kap\u0131lar ve Pencereler<\/strong><\/li>\n<li><strong>Du\u015f Kabinleri ve Banyo Panelleri<\/strong><\/li>\n<li><strong>Perakende ve Misafirperverlik Tasar\u0131m\u0131<\/strong><\/li>\n<li><strong>Mobilya ve Dekoratif Elemanlar<\/strong><\/li>\n<\/ul>\n<p><strong>S\u00fcs Cam\u0131<\/strong> \u00e7\u00f6z\u00fcmlerimiz <strong>g\u00fczellik, gizlilik ve i\u015flevselli\u011fin m\u00fckemmel bir dengesini<\/strong> sunarak, <strong>hem ticari hem de konut projeleri<\/strong> i\u00e7in m\u00fckemmel bir se\u00e7imdir.<\/p>\n\t\t\t\t\t\t\t\t<\/div>\n\t\t\t\t<\/div>\n\t\t\t\t\t<\/div>\n\t\t\t\t<\/div>\n\t\t<div class=\"elementor-element elementor-element-191638a7 e-flex e-con-boxed e-con e-parent\" data-id=\"191638a7\" data-element_type=\"container\" data-e-type=\"container\" data-settings=\"{&quot;background_background&quot;:&quot;classic&quot;,&quot;background_motion_fx_motion_fx_scrolling&quot;:&quot;yes&quot;,&quot;background_motion_fx_translateY_effect&quot;:&quot;yes&quot;,&quot;background_motion_fx_translateY_speed&quot;:{&quot;unit&quot;:&quot;px&quot;,&quot;size&quot;:4,&quot;sizes&quot;:[]},&quot;background_motion_fx_translateY_affectedRange&quot;:{&quot;unit&quot;:&quot;%&quot;,&quot;size&quot;:&quot;&quot;,&quot;sizes&quot;:{&quot;start&quot;:0,&quot;end&quot;:100}},&quot;background_motion_fx_devices&quot;:[&quot;desktop&quot;,&quot;tablet&quot;,&quot;mobile&quot;]}\">\n\t\t\t\t\t<div class=\"e-con-inner\">\n\t\t\t\t<div class=\"elementor-element elementor-element-3696577e elementor-widget elementor-widget-heading\" data-id=\"3696577e\" data-element_type=\"widget\" data-e-type=\"widget\" data-widget_type=\"heading.default\">\n\t\t\t\t<div class=\"elementor-widget-container\">\n\t\t\t\t\t<h2 class=\"elementor-heading-title elementor-size-default\">B\u00f6lme duvar tasar\u0131m\u0131 uygulamas\u0131nda, in\u015faat\u00e7\u0131lar s\u0131kl\u0131kla binada iyi bir ayd\u0131nlatma sa\u011flaman\u0131n yan\u0131 s\u0131ra kullan\u0131c\u0131lar\u0131n mahremiyetini de koruma zorunlulu\u011fuyla kar\u015f\u0131 kar\u015f\u0131ya kalmaktad\u0131r.<\/h2>\t\t\t\t<\/div>\n\t\t\t\t<\/div>\n\t\t\t\t\t<\/div>\n\t\t\t\t<\/div>\n\t\t<div class=\"elementor-element elementor-element-121228e3 e-flex e-con-boxed e-con e-parent\" data-id=\"121228e3\" data-element_type=\"container\" data-e-type=\"container\" data-settings=\"{&quot;background_background&quot;:&quot;classic&quot;,&quot;background_motion_fx_motion_fx_scrolling&quot;:&quot;yes&quot;,&quot;background_motion_fx_translateY_effect&quot;:&quot;yes&quot;,&quot;background_motion_fx_translateY_speed&quot;:{&quot;unit&quot;:&quot;px&quot;,&quot;size&quot;:4,&quot;sizes&quot;:[]},&quot;background_motion_fx_translateY_affectedRange&quot;:{&quot;unit&quot;:&quot;%&quot;,&quot;size&quot;:&quot;&quot;,&quot;sizes&quot;:{&quot;start&quot;:0,&quot;end&quot;:100}},&quot;background_motion_fx_devices&quot;:[&quot;desktop&quot;,&quot;tablet&quot;,&quot;mobile&quot;]}\">\n\t\t\t\t\t<div class=\"e-con-inner\">\n\t\t\t\t<div class=\"elementor-element elementor-element-369d7dbc elementor-widget elementor-widget-heading\" data-id=\"369d7dbc\" data-element_type=\"widget\" data-e-type=\"widget\" data-widget_type=\"heading.default\">\n\t\t\t\t<div class=\"elementor-widget-container\">\n\t\t\t\t\t<h2 class=\"elementor-heading-title elementor-size-default\">\u00c7evre \u00fczerindeki olumsuz etkiyi s\u0131n\u0131rlamak i\u00e7in \u00fcretim s\u00fcre\u00e7lerimizi s\u00fcrekli olarak g\u00fcncelliyor ve al\u0131\u015fkanl\u0131klar\u0131m\u0131z\u0131 de\u011fi\u015ftiriyoruz.<\/h2>\t\t\t\t<\/div>\n\t\t\t\t<\/div>\n\t\t\t\t<div class=\"elementor-element elementor-element-46e618c2 elementor-widget elementor-widget-text-editor\" data-id=\"46e618c2\" data-element_type=\"widget\" data-e-type=\"widget\" data-widget_type=\"text-editor.default\">\n\t\t\t\t<div class=\"elementor-widget-container\">\n\t\t\t\t\t\t\t\t\t<p>De\u011fi\u015fimi kolayla\u015ft\u0131rmak amac\u0131yla, \u00e7evrenin korunmas\u0131na y\u00f6nelik d\u00fcnya \u00e7ap\u0131ndaki y\u00f6netim sistemi olan ISO 14001&#8217;i benimsedik.<\/p>\n\t\t\t\t\t\t\t\t<\/div>\n\t\t\t\t<\/div>\n\t\t\t\t<div class=\"elementor-element elementor-element-1836e317 elementor-align-center elementor-widget elementor-widget-button\" data-id=\"1836e317\" data-element_type=\"widget\" data-e-type=\"widget\" data-widget_type=\"button.default\">\n\t\t\t\t<div class=\"elementor-widget-container\">\n\t\t\t\t\t\t\t\t\t<div class=\"elementor-button-wrapper\">\n\t\t\t\t\t<a class=\"elementor-button elementor-button-link elementor-size-sm\" href=\"https:\/\/tgrupcam.com\/index.php\/iletisim\/?lang=tr\">\n\t\t\t\t\t\t<span class=\"elementor-button-content-wrapper\">\n\t\t\t\t\t\t\t\t\t<span class=\"elementor-button-text\">\u0130leti\u015fim<\/span>\n\t\t\t\t\t<\/span>\n\t\t\t\t\t<\/a>\n\t\t\t\t<\/div>\n\t\t\t\t\t\t\t\t<\/div>\n\t\t\t\t<\/div>\n\t\t\t\t\t<\/div>\n\t\t\t\t<\/div>\n\t\t\t\t<\/div>\n\t\t","protected":false},"excerpt":{"rendered":"<p>S\u00dcSLEME CAMLARI S\u00dcSLEME CAM HAKKINDA T Grup Cam&#8216;da, S\u00fcs Cam\u0131m\u0131z, dayan\u0131kl\u0131l\u0131\u011f\u0131 ve g\u00fcc\u00fc korurken gizlilik, \u0131\u015f\u0131k yay\u0131l\u0131m\u0131 ve dekoratif \u00e7ekicilik sunarak esteti\u011fi i\u015flevsellikle birle\u015ftirir. \u0130\u00e7 ve d\u0131\u015f mekan uygulamalar\u0131 i\u00e7in tasarlanan s\u00fcs cam\u0131 \u00e7\u00f6z\u00fcmlerimiz, \u00e7e\u015fitli dokular, desenler ve y\u00fczeyler halinde mevcuttur ve bu da onlar\u0131 modern mimari ve tasar\u0131m projeleri i\u00e7in m\u00fckemmel hale getirir. Avantajlar: [&hellip;]<\/p>\n","protected":false},"author":1,"featured_media":0,"parent":3012,"menu_order":0,"comment_status":"closed","ping_status":"closed","template":"elementor_header_footer","meta":{"footnotes":""},"class_list":["post-2873","page","type-page","status-publish","hentry"],"_links":{"self":[{"href":"https:\/\/tgrupcam.com\/index.php\/wp-json\/wp\/v2\/pages\/2873","targetHints":{"allow":["GET"]}}],"collection":[{"href":"https:\/\/tgrupcam.com\/index.php\/wp-json\/wp\/v2\/pages"}],"about":[{"href":"https:\/\/tgrupcam.com\/index.php\/wp-json\/wp\/v2\/types\/page"}],"author":[{"embeddable":true,"href":"https:\/\/tgrupcam.com\/index.php\/wp-json\/wp\/v2\/users\/1"}],"replies":[{"embeddable":true,"href":"https:\/\/tgrupcam.com\/index.php\/wp-json\/wp\/v2\/comments?post=2873"}],"version-history":[{"count":0,"href":"https:\/\/tgrupcam.com\/index.php\/wp-json\/wp\/v2\/pages\/2873\/revisions"}],"up":[{"embeddable":true,"href":"https:\/\/tgrupcam.com\/index.php\/wp-json\/wp\/v2\/pages\/3012"}],"wp:attachment":[{"href":"https:\/\/tgrupcam.com\/index.php\/wp-json\/wp\/v2\/media?parent=2873"}],"curies":[{"name":"wp","href":"https:\/\/api.w.org\/{rel}","templated":true}]}}