{"id":2904,"date":"2025-02-05T11:49:31","date_gmt":"2025-02-05T08:49:31","guid":{"rendered":"https:\/\/tgrupcam.com\/index.php\/gunes-kontrol-cami\/"},"modified":"2025-05-20T21:35:37","modified_gmt":"2025-05-20T18:35:37","slug":"gunes-kontrol-cami","status":"publish","type":"page","link":"https:\/\/tgrupcam.com\/index.php\/pazar-teklifi\/camli-uniteler\/gunes-kontrol-cami\/?lang=tr","title":{"rendered":"G\u00fcne\u015f kontrol cam\u0131"},"content":{"rendered":"\t\t<div data-elementor-type=\"wp-page\" data-elementor-id=\"2904\" class=\"elementor elementor-2904 elementor-28\" data-elementor-post-type=\"page\">\n\t\t\t\t<div class=\"elementor-element elementor-element-38900bd7 e-con-full e-flex e-con e-parent\" data-id=\"38900bd7\" data-element_type=\"container\" data-e-type=\"container\" data-settings=\"{&quot;background_background&quot;:&quot;classic&quot;,&quot;shape_divider_bottom&quot;:&quot;opacity-fan&quot;}\">\n\t\t\t\t<div class=\"elementor-shape elementor-shape-bottom\" aria-hidden=\"true\" data-negative=\"false\">\n\t\t\t<svg xmlns=\"http:\/\/www.w3.org\/2000\/svg\" viewBox=\"0 0 283.5 19.6\" preserveAspectRatio=\"none\">\n\t<path class=\"elementor-shape-fill\" style=\"opacity:0.33\" d=\"M0 0L0 18.8 141.8 4.1 283.5 18.8 283.5 0z\"\/>\n\t<path class=\"elementor-shape-fill\" style=\"opacity:0.33\" d=\"M0 0L0 12.6 141.8 4 283.5 12.6 283.5 0z\"\/>\n\t<path class=\"elementor-shape-fill\" style=\"opacity:0.33\" d=\"M0 0L0 6.4 141.8 4 283.5 6.4 283.5 0z\"\/>\n\t<path class=\"elementor-shape-fill\" d=\"M0 0L0 1.2 141.8 4 283.5 1.2 283.5 0z\"\/>\n<\/svg>\t\t<\/div>\n\t\t\t\t<div class=\"elementor-element elementor-element-543b96b2 elementor-widget elementor-widget-heading\" data-id=\"543b96b2\" data-element_type=\"widget\" data-e-type=\"widget\" data-widget_type=\"heading.default\">\n\t\t\t\t<div class=\"elementor-widget-container\">\n\t\t\t\t\t<h2 class=\"elementor-heading-title elementor-size-default\">G\u00dcNE\u015e KONTROL CAMI<\/h2>\t\t\t\t<\/div>\n\t\t\t\t<\/div>\n\t\t\t\t<\/div>\n\t\t<div class=\"elementor-element elementor-element-12a16514 e-flex e-con-boxed e-con e-parent\" data-id=\"12a16514\" data-element_type=\"container\" data-e-type=\"container\">\n\t\t\t\t\t<div class=\"e-con-inner\">\n\t\t\t\t<div class=\"elementor-element elementor-element-3e16245f elementor-widget elementor-widget-heading\" data-id=\"3e16245f\" data-element_type=\"widget\" data-e-type=\"widget\" data-widget_type=\"heading.default\">\n\t\t\t\t<div class=\"elementor-widget-container\">\n\t\t\t\t\t<h2 class=\"elementor-heading-title elementor-size-default\">G\u00dcNE\u015e KONTROL CAMLARI HAKKINDA<\/h2>\t\t\t\t<\/div>\n\t\t\t\t<\/div>\n\t\t\t\t<div class=\"elementor-element elementor-element-3cda195a elementor-widget elementor-widget-text-editor\" data-id=\"3cda195a\" data-element_type=\"widget\" data-e-type=\"widget\" data-widget_type=\"text-editor.default\">\n\t\t\t\t<div class=\"elementor-widget-container\">\n\t\t\t\t\t\t\t\t\t<p><strong>T Grup Cam<\/strong>&#8216;\u0131n <strong>G\u00fcne\u015f Kontrol Camlar\u0131<\/strong>, <strong>g\u00fcne\u015f \u0131s\u0131 kazan\u0131m\u0131n\u0131<\/strong> d\u00fczenleyerek <strong>enerji verimlili\u011fini ve i\u00e7 mekan konforunu<\/strong> art\u0131rmak i\u00e7in tasarlanm\u0131\u015ft\u0131r. G\u00fcne\u015f \u0131\u015f\u0131\u011f\u0131n\u0131 se\u00e7ici bir \u015fekilde filtreleyerek, bu geli\u015fmi\u015f cam <strong>optimum do\u011fal \u0131\u015f\u0131k iletimini<\/strong> korurken <strong>a\u015f\u0131r\u0131 \u0131s\u0131 birikimini<\/strong> azalt\u0131r.<\/p>\n<p><strong>Avantajlar\u0131:<\/strong><\/p>\n<p>\u2705 <strong>Is\u0131 Azaltma<\/strong> \u2013 G\u00fcne\u015f enerjisi emilimini kontrol ederek a\u015f\u0131r\u0131 \u0131s\u0131nmay\u0131 en aza indirir.<br \/>\u2705 <strong>Enerji Verimlili\u011fi<\/strong> \u2013 Klima ihtiyac\u0131n\u0131 azaltarak so\u011futma maliyetlerini d\u00fc\u015f\u00fcr\u00fcr.<br \/>\u2705 <strong>UV Korumas\u0131<\/strong> \u2013 Zararl\u0131 UV \u0131\u015f\u0131nlar\u0131n\u0131 engelleyerek i\u00e7 mekanlar\u0131n solmas\u0131n\u0131 \u00f6nler.<br \/>\u2705 <strong>Geli\u015fmi\u015f Konfor<\/strong> \u2013 T\u00fcm mevsimlerde sabit bir i\u00e7 mekan s\u0131cakl\u0131\u011f\u0131 sa\u011flar.<br \/>\u2705 <strong>Estetik Esneklik<\/strong> \u2013 Farkl\u0131 mimari stilleri tamamlamak i\u00e7in \u00e7e\u015fitli renk tonlar\u0131nda ve kaplamalarda mevcuttur.<\/p>\n<p><strong>Pencereler, cepheler, tavan pencereleri ve perde duvarlar<\/strong> i\u00e7in idealdir, <strong>G\u00fcne\u015f Kontrol Cam\u0131<\/strong>, do\u011fal \u0131\u015f\u0131ktan \u00f6d\u00fcn vermeden <strong>daha serin, daha konforlu ve enerji a\u00e7\u0131s\u0131ndan verimli bir ortam<\/strong> sa\u011flar.<\/p>\n\t\t\t\t\t\t\t\t<\/div>\n\t\t\t\t<\/div>\n\t\t\t\t<div class=\"elementor-element elementor-element-3696577e elementor-widget elementor-widget-heading\" data-id=\"3696577e\" data-element_type=\"widget\" data-e-type=\"widget\" data-widget_type=\"heading.default\">\n\t\t\t\t<div class=\"elementor-widget-container\">\n\t\t\t\t\t<h2 class=\"elementor-heading-title elementor-size-default\">AVANTAJLAR<\/h2>\t\t\t\t<\/div>\n\t\t\t\t<\/div>\n\t\t\t\t<div class=\"elementor-element elementor-element-231b2157 elementor-position-left elementor-vertical-align-middle elementor-widget elementor-widget-image-box\" data-id=\"231b2157\" data-element_type=\"widget\" data-e-type=\"widget\" data-widget_type=\"image-box.default\">\n\t\t\t\t<div class=\"elementor-widget-container\">\n\t\t\t\t\t<div class=\"elementor-image-box-wrapper\"><figure class=\"elementor-image-box-img\"><img fetchpriority=\"high\" decoding=\"async\" width=\"1080\" height=\"1080\" src=\"https:\/\/tgrupcam.com\/wp-content\/uploads\/2025\/04\/solar-control-1.jpg\" class=\"attachment-full size-full wp-image-1926\" alt=\"\" srcset=\"https:\/\/tgrupcam.com\/wp-content\/uploads\/2025\/04\/solar-control-1.jpg 1080w, https:\/\/tgrupcam.com\/wp-content\/uploads\/2025\/04\/solar-control-1-300x300.jpg 300w, https:\/\/tgrupcam.com\/wp-content\/uploads\/2025\/04\/solar-control-1-1024x1024.jpg 1024w, https:\/\/tgrupcam.com\/wp-content\/uploads\/2025\/04\/solar-control-1-150x150.jpg 150w, https:\/\/tgrupcam.com\/wp-content\/uploads\/2025\/04\/solar-control-1-768x768.jpg 768w, https:\/\/tgrupcam.com\/wp-content\/uploads\/2025\/04\/solar-control-1-650x650.jpg 650w\" sizes=\"(max-width: 1080px) 100vw, 1080px\" \/><\/figure><div class=\"elementor-image-box-content\"><h3 class=\"elementor-image-box-title\">Mek\u00e2nlarda optimum s\u0131cakl\u0131k<\/h3><p class=\"elementor-image-box-description\">Daha y\u00fcksek konfor ve enerji verimlili\u011fi i\u00e7in i\u00e7 mek\u00e2nda ideal s\u0131cakl\u0131k sa\u011flar.<\/p><\/div><\/div>\t\t\t\t<\/div>\n\t\t\t\t<\/div>\n\t\t\t\t<div class=\"elementor-element elementor-element-41c482bd elementor-position-left elementor-vertical-align-middle elementor-widget elementor-widget-image-box\" data-id=\"41c482bd\" data-element_type=\"widget\" data-e-type=\"widget\" data-widget_type=\"image-box.default\">\n\t\t\t\t<div class=\"elementor-widget-container\">\n\t\t\t\t\t<div class=\"elementor-image-box-wrapper\"><figure class=\"elementor-image-box-img\"><img decoding=\"async\" width=\"1080\" height=\"1080\" src=\"https:\/\/tgrupcam.com\/wp-content\/uploads\/2025\/04\/solar-control-2.jpg\" class=\"attachment-full size-full wp-image-1937\" alt=\"\" srcset=\"https:\/\/tgrupcam.com\/wp-content\/uploads\/2025\/04\/solar-control-2.jpg 1080w, https:\/\/tgrupcam.com\/wp-content\/uploads\/2025\/04\/solar-control-2-300x300.jpg 300w, https:\/\/tgrupcam.com\/wp-content\/uploads\/2025\/04\/solar-control-2-1024x1024.jpg 1024w, https:\/\/tgrupcam.com\/wp-content\/uploads\/2025\/04\/solar-control-2-150x150.jpg 150w, https:\/\/tgrupcam.com\/wp-content\/uploads\/2025\/04\/solar-control-2-768x768.jpg 768w, https:\/\/tgrupcam.com\/wp-content\/uploads\/2025\/04\/solar-control-2-650x650.jpg 650w\" sizes=\"(max-width: 1080px) 100vw, 1080px\" \/><\/figure><div class=\"elementor-image-box-content\"><h3 class=\"elementor-image-box-title\">I\u015f\u0131k ge\u00e7irgenli\u011fini azaltmak<\/h3><p class=\"elementor-image-box-description\">Parlamay\u0131 azaltmak ve konforu art\u0131rmak i\u00e7in \u0131\u015f\u0131k ge\u00e7irgenli\u011fini kontrol eder.<\/p><\/div><\/div>\t\t\t\t<\/div>\n\t\t\t\t<\/div>\n\t\t\t\t<div class=\"elementor-element elementor-element-1c2f411c elementor-position-left elementor-vertical-align-middle elementor-widget elementor-widget-image-box\" data-id=\"1c2f411c\" data-element_type=\"widget\" data-e-type=\"widget\" data-widget_type=\"image-box.default\">\n\t\t\t\t<div class=\"elementor-widget-container\">\n\t\t\t\t\t<div class=\"elementor-image-box-wrapper\"><figure class=\"elementor-image-box-img\"><img decoding=\"async\" width=\"1080\" height=\"1080\" src=\"https:\/\/tgrupcam.com\/wp-content\/uploads\/2025\/04\/solar-control-3.jpg\" class=\"attachment-full size-full wp-image-1948\" alt=\"\" srcset=\"https:\/\/tgrupcam.com\/wp-content\/uploads\/2025\/04\/solar-control-3.jpg 1080w, https:\/\/tgrupcam.com\/wp-content\/uploads\/2025\/04\/solar-control-3-300x300.jpg 300w, https:\/\/tgrupcam.com\/wp-content\/uploads\/2025\/04\/solar-control-3-1024x1024.jpg 1024w, https:\/\/tgrupcam.com\/wp-content\/uploads\/2025\/04\/solar-control-3-150x150.jpg 150w, https:\/\/tgrupcam.com\/wp-content\/uploads\/2025\/04\/solar-control-3-768x768.jpg 768w, https:\/\/tgrupcam.com\/wp-content\/uploads\/2025\/04\/solar-control-3-650x650.jpg 650w\" sizes=\"(max-width: 1080px) 100vw, 1080px\" \/><\/figure><div class=\"elementor-image-box-content\"><h3 class=\"elementor-image-box-title\">Havaland\u0131rma maliyetlerinin azalt\u0131lmas\u0131<\/h3><p class=\"elementor-image-box-description\">\u0130\u00e7 mekanda \u0131s\u0131 olu\u015fumunu en aza indirerek havaland\u0131rma maliyetlerini d\u00fc\u015f\u00fcr\u00fcr.<\/p><\/div><\/div>\t\t\t\t<\/div>\n\t\t\t\t<\/div>\n\t\t\t\t\t<\/div>\n\t\t\t\t<\/div>\n\t\t<div class=\"elementor-element elementor-element-191638a7 e-flex e-con-boxed e-con e-parent\" data-id=\"191638a7\" data-element_type=\"container\" data-e-type=\"container\" data-settings=\"{&quot;background_background&quot;:&quot;classic&quot;,&quot;background_motion_fx_motion_fx_scrolling&quot;:&quot;yes&quot;,&quot;background_motion_fx_translateY_effect&quot;:&quot;yes&quot;,&quot;background_motion_fx_translateY_speed&quot;:{&quot;unit&quot;:&quot;px&quot;,&quot;size&quot;:4,&quot;sizes&quot;:[]},&quot;background_motion_fx_translateY_affectedRange&quot;:{&quot;unit&quot;:&quot;%&quot;,&quot;size&quot;:&quot;&quot;,&quot;sizes&quot;:{&quot;start&quot;:0,&quot;end&quot;:100}},&quot;background_motion_fx_devices&quot;:[&quot;desktop&quot;,&quot;tablet&quot;,&quot;mobile&quot;]}\">\n\t\t\t\t\t<div class=\"e-con-inner\">\n\t\t\t\t\t<\/div>\n\t\t\t\t<\/div>\n\t\t<div class=\"elementor-element elementor-element-5c335362 e-flex e-con-boxed e-con e-parent\" data-id=\"5c335362\" data-element_type=\"container\" data-e-type=\"container\">\n\t\t\t\t\t<div class=\"e-con-inner\">\n\t\t<div class=\"elementor-element elementor-element-218c2643 e-con-full e-flex e-con e-child\" data-id=\"218c2643\" data-element_type=\"container\" data-e-type=\"container\">\n\t\t\t\t<div class=\"elementor-element elementor-element-3973cc8c elementor-widget elementor-widget-heading\" data-id=\"3973cc8c\" data-element_type=\"widget\" data-e-type=\"widget\" data-widget_type=\"heading.default\">\n\t\t\t\t<div class=\"elementor-widget-container\">\n\t\t\t\t\t<h2 class=\"elementor-heading-title elementor-size-default\">G\u00fcne\u015f kontrol cam\u0131 \u00e7e\u015fitleri<\/h2>\t\t\t\t<\/div>\n\t\t\t\t<\/div>\n\t\t\t\t<div class=\"elementor-element elementor-element-765ba6e2 elementor-widget elementor-widget-text-editor\" data-id=\"765ba6e2\" data-element_type=\"widget\" data-e-type=\"widget\" data-widget_type=\"text-editor.default\">\n\t\t\t\t<div class=\"elementor-widget-container\">\n\t\t\t\t\t\t\t\t\t<p>G\u00fcne\u015f kontrol cam\u0131, <strong>g\u00f6rsel \u00f6zellikleri ve g\u00fcne\u015f radyasyonunu d\u00fczenleme yetene\u011fine<\/strong> g\u00f6re <strong>emici ve yans\u0131t\u0131c\u0131 cam<\/strong> olarak kategorize edilebilir. <strong>T Grup Cam<\/strong>&#8216;da, \u00e7e\u015fitli mimari ve i\u015flevsel ihtiya\u00e7lar\u0131 kar\u015f\u0131lamak i\u00e7in \u00fc\u00e7 farkl\u0131 t\u00fcrde g\u00fcne\u015f kontrol cam\u0131 sunuyoruz:<\/p>\n<p>\ud83d\udd39 <strong>Se\u00e7ici G\u00fcne\u015f Kontrol Cam\u0131<\/strong><br \/> <strong>N\u00f6tr, mavi, kahverengi, gri veya ye\u015fil tonlar\u0131nda<\/strong> mevcut olan, <strong>d\u00fcz ve \u015feffaf<\/strong> y\u00fcksek performansl\u0131 bir <strong>y\u00fczer cam<\/strong>. <strong>G\u00fcne\u015f yans\u0131mas\u0131n\u0131, i\u00e7 yal\u0131t\u0131m\u0131 ve termal korumay\u0131<\/strong> art\u0131ran <strong>metal oksit \u00e7ok katmanl\u0131 kaplamaya<\/strong> sahiptir. Bu cam, m\u00fckemmel <strong>\u0131\u015f\u0131k ge\u00e7irgenli\u011fini<\/strong> korurken <strong>g\u00fcne\u015f enerjisinin n\u00fcfuzunu<\/strong> etkili bir \u015fekilde kontrol eder. <strong>\u00c7ift cam uygulamalar\u0131<\/strong> i\u00e7in uygundur.<\/p>\n<p>\ud83d\udd39 <strong>Emicilik G\u00fcne\u015f Kontrol Cam\u0131<\/strong><br \/> <strong>Mavi, kahverengi, gri veya ye\u015fil<\/strong> tonlar\u0131nda mevcut olan <strong>renkli \u015famand\u0131ra cam<\/strong>, <strong>g\u00fcne\u015f enerjisi iletimini emmek ve azaltmak<\/strong> i\u00e7in tasarlanm\u0131\u015ft\u0131r. <strong>Hem tek hem de \u00e7ift cam<\/strong> uygulamalar\u0131nda kullan\u0131labilir ve bu da onu zarif bir esteti\u011fi korurken <strong>pasif \u0131s\u0131 azalt\u0131m\u0131<\/strong> gerektiren projeler i\u00e7in ideal bir se\u00e7im haline getirir.<\/p>\n<p>\ud83d\udd39 <strong>Yans\u0131t\u0131c\u0131 G\u00fcne\u015f Kontrol Cam\u0131<\/strong><br \/>Bu <strong>\u015famand\u0131ra cam<\/strong>, <strong>geli\u015ftirilmi\u015f g\u00fcne\u015f yans\u0131mas\u0131<\/strong> i\u00e7in <strong>n\u00f6tr veya renkli renkleri<\/strong> (mavi, kahverengi, gri veya ye\u015fil) bir <strong>metal oksit kaplamayla<\/strong> birle\u015ftirir. <strong>I\u015f\u0131k ge\u00e7irgenli\u011fini kontrol etmeye ve \u0131s\u0131 kazan\u0131m\u0131n\u0131 azaltmaya<\/strong> yard\u0131mc\u0131 olur ve bu da onu <strong>cepheler, perde duvarlar ve ticari binalar<\/strong> i\u00e7in tercih edilen bir se\u00e7enek haline getirir. Kaplama t\u00fcr\u00fcne ba\u011fl\u0131 olarak, hem <strong>tek hem de \u00e7ift cam<\/strong> uygulamalar\u0131 i\u00e7in uygundur.<\/p>\n\t\t\t\t\t\t\t\t<\/div>\n\t\t\t\t<\/div>\n\t\t\t\t<\/div>\n\t\t\t\t\t<\/div>\n\t\t\t\t<\/div>\n\t\t<div class=\"elementor-element elementor-element-b9a954b e-flex e-con-boxed e-con e-parent\" data-id=\"b9a954b\" data-element_type=\"container\" data-e-type=\"container\" data-settings=\"{&quot;background_background&quot;:&quot;classic&quot;}\">\n\t\t\t\t\t<div class=\"e-con-inner\">\n\t\t\t\t<div class=\"elementor-element elementor-element-10d0a1a9 elementor-widget elementor-widget-heading\" data-id=\"10d0a1a9\" data-element_type=\"widget\" data-e-type=\"widget\" data-widget_type=\"heading.default\">\n\t\t\t\t<div class=\"elementor-widget-container\">\n\t\t\t\t\t<h2 class=\"elementor-heading-title elementor-size-default\">Cephe camlama<\/h2>\t\t\t\t<\/div>\n\t\t\t\t<\/div>\n\t\t\t\t<div class=\"elementor-element elementor-element-c4366bc elementor-widget elementor-widget-image-gallery\" data-id=\"c4366bc\" data-element_type=\"widget\" data-e-type=\"widget\" data-widget_type=\"image-gallery.default\">\n\t\t\t\t<div class=\"elementor-widget-container\">\n\t\t\t\t\t\t\t<div class=\"elementor-image-gallery\">\n\t\t\t<div id='gallery-1' class='gallery galleryid-2904 gallery-columns-6 gallery-size-thumbnail'><figure class='gallery-item'>\n\t\t\t<div class='gallery-icon portrait'>\n\t\t\t\t<a data-elementor-open-lightbox=\"yes\" data-elementor-lightbox-slideshow=\"c4366bc\" data-elementor-lightbox-title=\"columnar-transom-442x465\" data-e-action-hash=\"#elementor-action%3Aaction%3Dlightbox%26settings%3DeyJpZCI6NzcxLCJ1cmwiOiJodHRwczpcL1wvdGdydXBjYW0uY29tXC93cC1jb250ZW50XC91cGxvYWRzXC8yMDI1XC8wMlwvY29sdW1uYXItdHJhbnNvbS00NDJ4NDY1LTEucG5nIiwic2xpZGVzaG93IjoiYzQzNjZiYyJ9\" href='https:\/\/tgrupcam.com\/wp-content\/uploads\/2025\/02\/columnar-transom-442x465-1.png'><img loading=\"lazy\" decoding=\"async\" width=\"150\" height=\"150\" src=\"https:\/\/tgrupcam.com\/wp-content\/uploads\/2025\/02\/columnar-transom-442x465-1-150x150.png\" class=\"attachment-thumbnail size-thumbnail\" alt=\"\" \/><\/a>\n\t\t\t<\/div><\/figure><figure class='gallery-item'>\n\t\t\t<div class='gallery-icon portrait'>\n\t\t\t\t<a data-elementor-open-lightbox=\"yes\" data-elementor-lightbox-slideshow=\"c4366bc\" data-elementor-lightbox-title=\"vertical-line-type1-442x465\" data-e-action-hash=\"#elementor-action%3Aaction%3Dlightbox%26settings%3DeyJpZCI6NzgyLCJ1cmwiOiJodHRwczpcL1wvdGdydXBjYW0uY29tXC93cC1jb250ZW50XC91cGxvYWRzXC8yMDI1XC8wMlwvdmVydGljYWwtbGluZS10eXBlMS00NDJ4NDY1LTEucG5nIiwic2xpZGVzaG93IjoiYzQzNjZiYyJ9\" href='https:\/\/tgrupcam.com\/wp-content\/uploads\/2025\/02\/vertical-line-type1-442x465-1.png'><img loading=\"lazy\" decoding=\"async\" width=\"150\" height=\"150\" src=\"https:\/\/tgrupcam.com\/wp-content\/uploads\/2025\/02\/vertical-line-type1-442x465-1-150x150.png\" class=\"attachment-thumbnail size-thumbnail\" alt=\"\" \/><\/a>\n\t\t\t<\/div><\/figure><figure class='gallery-item'>\n\t\t\t<div class='gallery-icon portrait'>\n\t\t\t\t<a data-elementor-open-lightbox=\"yes\" data-elementor-lightbox-slideshow=\"c4366bc\" data-elementor-lightbox-title=\"horizontal-line-type-442x465\" data-e-action-hash=\"#elementor-action%3Aaction%3Dlightbox%26settings%3DeyJpZCI6NzkzLCJ1cmwiOiJodHRwczpcL1wvdGdydXBjYW0uY29tXC93cC1jb250ZW50XC91cGxvYWRzXC8yMDI1XC8wMlwvaG9yaXpvbnRhbC1saW5lLXR5cGUtNDQyeDQ2NS0xLnBuZyIsInNsaWRlc2hvdyI6ImM0MzY2YmMifQ%3D%3D\" href='https:\/\/tgrupcam.com\/wp-content\/uploads\/2025\/02\/horizontal-line-type-442x465-1.png'><img loading=\"lazy\" decoding=\"async\" width=\"150\" height=\"150\" src=\"https:\/\/tgrupcam.com\/wp-content\/uploads\/2025\/02\/horizontal-line-type-442x465-1-150x150.png\" class=\"attachment-thumbnail size-thumbnail\" alt=\"\" \/><\/a>\n\t\t\t<\/div><\/figure><figure class='gallery-item'>\n\t\t\t<div class='gallery-icon portrait'>\n\t\t\t\t<a data-elementor-open-lightbox=\"yes\" data-elementor-lightbox-slideshow=\"c4366bc\" data-elementor-lightbox-title=\"full-structural-glazing-444x465\" data-e-action-hash=\"#elementor-action%3Aaction%3Dlightbox%26settings%3DeyJpZCI6ODA0LCJ1cmwiOiJodHRwczpcL1wvdGdydXBjYW0uY29tXC93cC1jb250ZW50XC91cGxvYWRzXC8yMDI1XC8wMlwvZnVsbC1zdHJ1Y3R1cmFsLWdsYXppbmctNDQ0eDQ2NS0xLnBuZyIsInNsaWRlc2hvdyI6ImM0MzY2YmMifQ%3D%3D\" href='https:\/\/tgrupcam.com\/wp-content\/uploads\/2025\/02\/full-structural-glazing-444x465-1.png'><img loading=\"lazy\" decoding=\"async\" width=\"150\" height=\"150\" src=\"https:\/\/tgrupcam.com\/wp-content\/uploads\/2025\/02\/full-structural-glazing-444x465-1-150x150.png\" class=\"attachment-thumbnail size-thumbnail\" alt=\"\" \/><\/a>\n\t\t\t<\/div><\/figure><figure class='gallery-item'>\n\t\t\t<div class='gallery-icon portrait'>\n\t\t\t\t<a data-elementor-open-lightbox=\"yes\" data-elementor-lightbox-slideshow=\"c4366bc\" data-elementor-lightbox-title=\"bolt-fixing-444x465\" data-e-action-hash=\"#elementor-action%3Aaction%3Dlightbox%26settings%3DeyJpZCI6ODE1LCJ1cmwiOiJodHRwczpcL1wvdGdydXBjYW0uY29tXC93cC1jb250ZW50XC91cGxvYWRzXC8yMDI1XC8wMlwvYm9sdC1maXhpbmctNDQ0eDQ2NS0xLnBuZyIsInNsaWRlc2hvdyI6ImM0MzY2YmMifQ%3D%3D\" href='https:\/\/tgrupcam.com\/wp-content\/uploads\/2025\/02\/bolt-fixing-444x465-1.png'><img loading=\"lazy\" decoding=\"async\" width=\"150\" height=\"150\" src=\"https:\/\/tgrupcam.com\/wp-content\/uploads\/2025\/02\/bolt-fixing-444x465-1-150x150.png\" class=\"attachment-thumbnail size-thumbnail\" alt=\"\" \/><\/a>\n\t\t\t<\/div><\/figure><figure class='gallery-item'>\n\t\t\t<div class='gallery-icon portrait'>\n\t\t\t\t<a data-elementor-open-lightbox=\"yes\" data-elementor-lightbox-slideshow=\"c4366bc\" data-elementor-lightbox-title=\"fin-glazing-444x465\" data-e-action-hash=\"#elementor-action%3Aaction%3Dlightbox%26settings%3DeyJpZCI6ODI2LCJ1cmwiOiJodHRwczpcL1wvdGdydXBjYW0uY29tXC93cC1jb250ZW50XC91cGxvYWRzXC8yMDI1XC8wMlwvZmluLWdsYXppbmctNDQ0eDQ2NS0xLnBuZyIsInNsaWRlc2hvdyI6ImM0MzY2YmMifQ%3D%3D\" href='https:\/\/tgrupcam.com\/wp-content\/uploads\/2025\/02\/fin-glazing-444x465-1.png'><img loading=\"lazy\" decoding=\"async\" width=\"150\" height=\"150\" src=\"https:\/\/tgrupcam.com\/wp-content\/uploads\/2025\/02\/fin-glazing-444x465-1-150x150.png\" class=\"attachment-thumbnail size-thumbnail\" alt=\"\" \/><\/a>\n\t\t\t<\/div><\/figure>\n\t\t<\/div>\n\t\t<\/div>\n\t\t\t\t\t\t<\/div>\n\t\t\t\t<\/div>\n\t\t\t\t<div class=\"elementor-element elementor-element-3552211 elementor-widget elementor-widget-text-editor\" data-id=\"3552211\" data-element_type=\"widget\" data-e-type=\"widget\" data-widget_type=\"text-editor.default\">\n\t\t\t\t<div class=\"elementor-widget-container\">\n\t\t\t\t\t\t\t\t\t<p>Benzersiz tasar\u0131m esnekli\u011fiyle<\/strong>, <strong>yap\u0131sal camlama<\/strong> modern mimaride devrim yaratm\u0131\u015ft\u0131r. <strong>T Grup Cam<\/strong>&#8216;da, mimarlar\u0131n ve cephe tasar\u0131mc\u0131lar\u0131n\u0131n <strong>geli\u015fmi\u015f yap\u0131sal camlama \u00e7\u00f6z\u00fcmleri<\/strong> arac\u0131l\u0131\u011f\u0131yla <strong>kusursuz, monolitik bir cam yap\u0131<\/strong> vizyonlar\u0131na ula\u015fmalar\u0131n\u0131 sa\u011fl\u0131yoruz. <strong>Yap\u0131sal ba\u011flama teknikleri<\/strong> veya <strong>c\u0131vata sabitleme sistemleri<\/strong> kullan\u0131ls\u0131n, <strong>esteti\u011fi y\u00fcksek performansla<\/strong> birle\u015ftiren son teknoloji cam \u00e7\u00f6z\u00fcmleri sunuyoruz.<\/p>\n<p>Yap\u0131sal camlama, in\u015faat y\u00f6ntemlerine g\u00f6re <strong>d\u00f6rt ana t\u00fcre<\/strong> s\u0131n\u0131fland\u0131r\u0131labilir ve her biri farkl\u0131 mimari uygulamalar i\u00e7in <strong>farkl\u0131 avantajlar<\/strong> sunar. Uzmanl\u0131\u011f\u0131m\u0131z, her projenin <strong>optimum dayan\u0131kl\u0131l\u0131k, enerji verimlili\u011fi ve \u00e7a\u011fda\u015f tasar\u0131mdan<\/strong> yararlanmas\u0131n\u0131 sa\u011flar.<\/p>\n\t\t\t\t\t\t\t\t<\/div>\n\t\t\t\t<\/div>\n\t\t\t\t\t<\/div>\n\t\t\t\t<\/div>\n\t\t<div class=\"elementor-element elementor-element-121228e3 e-flex e-con-boxed e-con e-parent\" data-id=\"121228e3\" data-element_type=\"container\" data-e-type=\"container\" data-settings=\"{&quot;background_background&quot;:&quot;classic&quot;,&quot;background_motion_fx_motion_fx_scrolling&quot;:&quot;yes&quot;,&quot;background_motion_fx_translateY_effect&quot;:&quot;yes&quot;,&quot;background_motion_fx_translateY_speed&quot;:{&quot;unit&quot;:&quot;px&quot;,&quot;size&quot;:4,&quot;sizes&quot;:[]},&quot;background_motion_fx_translateY_affectedRange&quot;:{&quot;unit&quot;:&quot;%&quot;,&quot;size&quot;:&quot;&quot;,&quot;sizes&quot;:{&quot;start&quot;:0,&quot;end&quot;:100}},&quot;background_motion_fx_devices&quot;:[&quot;desktop&quot;,&quot;tablet&quot;,&quot;mobile&quot;]}\">\n\t\t\t\t\t<div class=\"e-con-inner\">\n\t\t\t\t<div class=\"elementor-element elementor-element-369d7dbc elementor-widget elementor-widget-heading\" data-id=\"369d7dbc\" data-element_type=\"widget\" data-e-type=\"widget\" data-widget_type=\"heading.default\">\n\t\t\t\t<div class=\"elementor-widget-container\">\n\t\t\t\t\t<h2 class=\"elementor-heading-title elementor-size-default\">\u00c7evre \u00fczerindeki olumsuz etkiyi s\u0131n\u0131rlamak i\u00e7in \u00fcretim s\u00fcre\u00e7lerimizi s\u00fcrekli olarak g\u00fcncelliyor ve al\u0131\u015fkanl\u0131klar\u0131m\u0131z\u0131 de\u011fi\u015ftiriyoruz.<\/h2>\t\t\t\t<\/div>\n\t\t\t\t<\/div>\n\t\t\t\t<div class=\"elementor-element elementor-element-46e618c2 elementor-widget elementor-widget-text-editor\" data-id=\"46e618c2\" data-element_type=\"widget\" data-e-type=\"widget\" data-widget_type=\"text-editor.default\">\n\t\t\t\t<div class=\"elementor-widget-container\">\n\t\t\t\t\t\t\t\t\t<p>De\u011fi\u015fimleri kolayla\u015ft\u0131rmak amac\u0131yla, \u00e7evre koruma alan\u0131nda d\u00fcnya \u00e7ap\u0131nda bir y\u00f6netim sistemi olan ISO 14001&#8217;i benimsedik.<\/p>\n\t\t\t\t\t\t\t\t<\/div>\n\t\t\t\t<\/div>\n\t\t\t\t<div class=\"elementor-element elementor-element-1836e317 elementor-align-center elementor-widget elementor-widget-button\" data-id=\"1836e317\" data-element_type=\"widget\" data-e-type=\"widget\" data-widget_type=\"button.default\">\n\t\t\t\t<div class=\"elementor-widget-container\">\n\t\t\t\t\t\t\t\t\t<div class=\"elementor-button-wrapper\">\n\t\t\t\t\t<a class=\"elementor-button elementor-button-link elementor-size-sm\" href=\"https:\/\/tgrupcam.com\/index.php\/contact\/\">\n\t\t\t\t\t\t<span class=\"elementor-button-content-wrapper\">\n\t\t\t\t\t\t\t\t\t<span class=\"elementor-button-text\">\u0130leti\u015fim<\/span>\n\t\t\t\t\t<\/span>\n\t\t\t\t\t<\/a>\n\t\t\t\t<\/div>\n\t\t\t\t\t\t\t\t<\/div>\n\t\t\t\t<\/div>\n\t\t\t\t\t<\/div>\n\t\t\t\t<\/div>\n\t\t\t\t<\/div>\n\t\t","protected":false},"excerpt":{"rendered":"<p>G\u00dcNE\u015e KONTROL CAMI G\u00dcNE\u015e KONTROL CAMLARI HAKKINDA T Grup Cam&#8216;\u0131n G\u00fcne\u015f Kontrol Camlar\u0131, g\u00fcne\u015f \u0131s\u0131 kazan\u0131m\u0131n\u0131 d\u00fczenleyerek enerji verimlili\u011fini ve i\u00e7 mekan konforunu art\u0131rmak i\u00e7in tasarlanm\u0131\u015ft\u0131r. G\u00fcne\u015f \u0131\u015f\u0131\u011f\u0131n\u0131 se\u00e7ici bir \u015fekilde filtreleyerek, bu geli\u015fmi\u015f cam optimum do\u011fal \u0131\u015f\u0131k iletimini korurken a\u015f\u0131r\u0131 \u0131s\u0131 birikimini azalt\u0131r. Avantajlar\u0131: \u2705 Is\u0131 Azaltma \u2013 G\u00fcne\u015f enerjisi emilimini kontrol ederek a\u015f\u0131r\u0131 [&hellip;]<\/p>\n","protected":false},"author":1,"featured_media":0,"parent":3012,"menu_order":0,"comment_status":"closed","ping_status":"closed","template":"elementor_header_footer","meta":{"footnotes":""},"class_list":["post-2904","page","type-page","status-publish","hentry"],"_links":{"self":[{"href":"https:\/\/tgrupcam.com\/index.php\/wp-json\/wp\/v2\/pages\/2904","targetHints":{"allow":["GET"]}}],"collection":[{"href":"https:\/\/tgrupcam.com\/index.php\/wp-json\/wp\/v2\/pages"}],"about":[{"href":"https:\/\/tgrupcam.com\/index.php\/wp-json\/wp\/v2\/types\/page"}],"author":[{"embeddable":true,"href":"https:\/\/tgrupcam.com\/index.php\/wp-json\/wp\/v2\/users\/1"}],"replies":[{"embeddable":true,"href":"https:\/\/tgrupcam.com\/index.php\/wp-json\/wp\/v2\/comments?post=2904"}],"version-history":[{"count":0,"href":"https:\/\/tgrupcam.com\/index.php\/wp-json\/wp\/v2\/pages\/2904\/revisions"}],"up":[{"embeddable":true,"href":"https:\/\/tgrupcam.com\/index.php\/wp-json\/wp\/v2\/pages\/3012"}],"wp:attachment":[{"href":"https:\/\/tgrupcam.com\/index.php\/wp-json\/wp\/v2\/media?parent=2904"}],"curies":[{"name":"wp","href":"https:\/\/api.w.org\/{rel}","templated":true}]}}