{"id":5268,"date":"2025-05-28T13:08:12","date_gmt":"2025-05-28T10:08:12","guid":{"rendered":"https:\/\/tgrupcam.com\/index.php\/protection-contre-les-interferences-electromagnetiques\/"},"modified":"2025-06-04T14:54:53","modified_gmt":"2025-06-04T11:54:53","slug":"protection-contre-les-interferences-electromagnetiques","status":"publish","type":"page","link":"https:\/\/tgrupcam.com\/index.php\/protection-contre-les-interferences-electromagnetiques\/?lang=fr","title":{"rendered":"Protection contre les interf\u00e9rences \u00e9lectromagn\u00e9tiques"},"content":{"rendered":"\t\t<div data-elementor-type=\"wp-page\" data-elementor-id=\"5268\" class=\"elementor elementor-5268 elementor-3608\" data-elementor-post-type=\"page\">\n\t\t\t\t<div class=\"elementor-element elementor-element-79c9af8 e-con-full e-flex e-con e-parent\" data-id=\"79c9af8\" data-element_type=\"container\" data-e-type=\"container\" data-settings=\"{&quot;background_background&quot;:&quot;classic&quot;,&quot;shape_divider_bottom&quot;:&quot;opacity-fan&quot;}\">\n\t\t\t\t<div class=\"elementor-shape elementor-shape-bottom\" aria-hidden=\"true\" data-negative=\"false\">\n\t\t\t<svg xmlns=\"http:\/\/www.w3.org\/2000\/svg\" viewBox=\"0 0 283.5 19.6\" preserveAspectRatio=\"none\">\n\t<path class=\"elementor-shape-fill\" style=\"opacity:0.33\" d=\"M0 0L0 18.8 141.8 4.1 283.5 18.8 283.5 0z\"\/>\n\t<path class=\"elementor-shape-fill\" style=\"opacity:0.33\" d=\"M0 0L0 12.6 141.8 4 283.5 12.6 283.5 0z\"\/>\n\t<path class=\"elementor-shape-fill\" style=\"opacity:0.33\" d=\"M0 0L0 6.4 141.8 4 283.5 6.4 283.5 0z\"\/>\n\t<path class=\"elementor-shape-fill\" d=\"M0 0L0 1.2 141.8 4 283.5 1.2 283.5 0z\"\/>\n<\/svg>\t\t<\/div>\n\t\t\t\t<div class=\"elementor-element elementor-element-d85c1e5 elementor-widget elementor-widget-heading\" data-id=\"d85c1e5\" data-element_type=\"widget\" data-e-type=\"widget\" data-widget_type=\"heading.default\">\n\t\t\t\t<div class=\"elementor-widget-container\">\n\t\t\t\t\t<h2 class=\"elementor-heading-title elementor-size-default\">Protection contre les interf\u00e9rences \u00e9lectromagn\u00e9tiques<\/h2>\t\t\t\t<\/div>\n\t\t\t\t<\/div>\n\t\t\t\t<\/div>\n\t\t<div class=\"elementor-element elementor-element-2cc499d e-flex e-con-boxed e-con e-parent\" data-id=\"2cc499d\" data-element_type=\"container\" data-e-type=\"container\">\n\t\t\t\t\t<div class=\"e-con-inner\">\n\t\t\t\t<div class=\"elementor-element elementor-element-4eeebef elementor-widget elementor-widget-heading\" data-id=\"4eeebef\" data-element_type=\"widget\" data-e-type=\"widget\" data-widget_type=\"heading.default\">\n\t\t\t\t<div class=\"elementor-widget-container\">\n\t\t\t\t\t<h2 class=\"elementor-heading-title elementor-size-default\">Protection contre les interf\u00e9rences \u00e9lectromagn\u00e9tiques<\/h2>\t\t\t\t<\/div>\n\t\t\t\t<\/div>\n\t\t\t\t<div class=\"elementor-element elementor-element-96ca51e elementor-widget elementor-widget-text-editor\" data-id=\"96ca51e\" data-element_type=\"widget\" data-e-type=\"widget\" data-widget_type=\"text-editor.default\">\n\t\t\t\t<div class=\"elementor-widget-container\">\n\t\t\t\t\t\t\t\t\t<p data-start=\"65\" data-end=\"440\">Chez <strong data-start=\"101\" data-end=\"115\">T Grup Cam<\/strong>, nous reconnaissons l&#8217;importance cruciale de la protection des <strong data-start=\"168\" data-end=\"199\">syst\u00e8mes \u00e9lectroniques embarqu\u00e9s (EMI)<\/strong> contre les <strong data-start=\"205\" data-end=\"243\">interf\u00e9rences \u00e9lectromagn\u00e9tiques<\/strong>, en particulier dans les domaines <strong data-start=\"259\" data-end=\"289\">marins, de la d\u00e9fense, de l&#8217;a\u00e9rospatiale<\/strong> et des <strong data-start=\"295\" data-end=\"332\">applications industrielles de haute technologie<\/strong>.<\/p>\n<p data-start=\"65\" data-end=\"440\">Environnements \u00e9lectromagn\u00e9tiques cr\u00e9\u00e9s par les <strong data-start=\"377\" data-end=\"408\">radars, \u00e9metteurs HF\/UHF<\/strong> et <strong data-start=\"414\" Les impulsions \u00e9lectromagn\u00e9tiques \u00e0 haute \u00e9nergie peuvent perturber les performances des \u00e9quipements de navigation, de communication et de contr\u00f4le. Pour y rem\u00e9dier, nous proposons une gamme sp\u00e9cialis\u00e9e de solutions de verre de blindage \u00e9lectromagn\u00e9tique offrant des performances de blindage optimales et une clart\u00e9 optique \u00e9lev\u00e9e.\n<\/p>\n\t\t\t\t\t\t\t\t<\/div>\n\t\t\t\t<\/div>\n\t\t\t\t\t<\/div>\n\t\t\t\t<\/div>\n\t\t\t\t<\/div>\n\t\t","protected":false},"excerpt":{"rendered":"<p>Protection contre les interf\u00e9rences \u00e9lectromagn\u00e9tiques Protection contre les interf\u00e9rences \u00e9lectromagn\u00e9tiques Chez T Grup Cam, nous reconnaissons l&#8217;importance cruciale de la protection des syst\u00e8mes \u00e9lectroniques embarqu\u00e9s (EMI) contre les interf\u00e9rences \u00e9lectromagn\u00e9tiques, en particulier dans les domaines marins, de la d\u00e9fense, de l&#8217;a\u00e9rospatiale et des applications industrielles de haute technologie. Environnements \u00e9lectromagn\u00e9tiques cr\u00e9\u00e9s par les radars, \u00e9metteurs [&hellip;]<\/p>\n","protected":false},"author":1,"featured_media":0,"parent":0,"menu_order":0,"comment_status":"closed","ping_status":"closed","template":"elementor_header_footer","meta":{"footnotes":""},"class_list":["post-5268","page","type-page","status-publish","hentry"],"_links":{"self":[{"href":"https:\/\/tgrupcam.com\/index.php\/wp-json\/wp\/v2\/pages\/5268","targetHints":{"allow":["GET"]}}],"collection":[{"href":"https:\/\/tgrupcam.com\/index.php\/wp-json\/wp\/v2\/pages"}],"about":[{"href":"https:\/\/tgrupcam.com\/index.php\/wp-json\/wp\/v2\/types\/page"}],"author":[{"embeddable":true,"href":"https:\/\/tgrupcam.com\/index.php\/wp-json\/wp\/v2\/users\/1"}],"replies":[{"embeddable":true,"href":"https:\/\/tgrupcam.com\/index.php\/wp-json\/wp\/v2\/comments?post=5268"}],"version-history":[{"count":0,"href":"https:\/\/tgrupcam.com\/index.php\/wp-json\/wp\/v2\/pages\/5268\/revisions"}],"wp:attachment":[{"href":"https:\/\/tgrupcam.com\/index.php\/wp-json\/wp\/v2\/media?parent=5268"}],"curies":[{"name":"wp","href":"https:\/\/api.w.org\/{rel}","templated":true}]}}